CRAN Package Check Results for Package Plasmidprofiler

Last updated on 2020-10-23 15:48:13 CEST.

Flavor Version Tinstall Tcheck Ttotal Status Flags
r-devel-linux-x86_64-debian-clang 0.1.6 7.63 61.35 68.98 NOTE
r-devel-linux-x86_64-debian-gcc 0.1.6 5.79 46.09 51.88 NOTE
r-devel-linux-x86_64-fedora-clang 0.1.6 92.77 NOTE
r-devel-linux-x86_64-fedora-gcc 0.1.6 79.81 NOTE
r-devel-windows-ix86+x86_64 0.1.6 16.00 85.00 101.00 OK
r-patched-linux-x86_64 0.1.6 6.31 56.35 62.66 NOTE
r-patched-solaris-x86 0.1.6 113.50 NOTE
r-release-linux-x86_64 0.1.6 6.35 55.71 62.06 NOTE
r-release-macos-x86_64 0.1.6 OK
r-release-windows-ix86+x86_64 0.1.6 31.00 83.00 114.00 OK
r-oldrel-macos-x86_64 0.1.6 OK
r-oldrel-windows-ix86+x86_64 0.1.6 14.00 84.00 98.00 OK

Check Details

Version: 0.1.6
Check: for non-standard things in the check directory
Result: NOTE
    Found the following files/directories:
     'P2Run.csv' 'P2Run.html' 'P2Run.png'
Flavors: r-devel-linux-x86_64-debian-clang, r-devel-linux-x86_64-debian-gcc, r-devel-linux-x86_64-fedora-clang, r-devel-linux-x86_64-fedora-gcc, r-patched-linux-x86_64, r-release-linux-x86_64

Version: 0.1.6
Check: for non-standard things in the check directory
Result: NOTE
    Found the following files/directories:
     ‘P2Run.csv’ ‘P2Run.png’
Flavor: r-patched-solaris-x86