CRAN Package Check Results for Package Pijavski

Last updated on 2020-10-26 03:48:30 CET.

Flavor Version Tinstall Tcheck Ttotal Status Flags
r-devel-linux-x86_64-debian-clang 1.0.3 19.18 23.29 42.47 OK
r-devel-linux-x86_64-debian-gcc 1.0.3 13.33 18.54 31.87 OK
r-devel-linux-x86_64-fedora-clang 1.0.3 66.02 OK
r-devel-linux-x86_64-fedora-gcc 1.0.3 60.64 OK
r-devel-windows-ix86+x86_64 1.0.3 54.00 57.00 111.00 OK
r-patched-linux-x86_64 1.0.3 16.87 22.56 39.43 OK
r-patched-solaris-x86 1.0.3 62.20 OK
r-release-linux-x86_64 1.0 17.69 22.31 40.00 NOTE
r-release-macos-x86_64 1.0.3 OK
r-release-windows-ix86+x86_64 1.0.3 36.00 53.00 89.00 OK
r-oldrel-macos-x86_64 1.0.3 OK
r-oldrel-windows-ix86+x86_64 1.0.3 34.00 43.00 77.00 OK

Check Details

Version: 1.0
Check: pragmas in C/C++ headers and code
Result: NOTE
    File which contains pragma(s) suppressing diagnostics:
     ‘src/pijavski.cpp’
Flavor: r-release-linux-x86_64