CRAN Package Check Results for Package Phase12Compare

Last updated on 2021-09-19 03:51:21 CEST.

Flavor Version Tinstall Tcheck Ttotal Status Flags
r-devel-linux-x86_64-debian-clang 1.5 44.59 40.07 84.66 OK
r-devel-linux-x86_64-debian-gcc 1.5 31.23 30.59 61.82 OK
r-devel-linux-x86_64-fedora-clang 1.5 127.58 OK
r-devel-linux-x86_64-fedora-gcc 1.5 101.08 OK
r-devel-windows-x86_64 1.5 39.00 66.00 105.00 OK
r-devel-windows-x86_64-gcc10-UCRT 1.5 ERROR
r-patched-linux-x86_64 1.5 34.79 38.23 73.02 OK
r-patched-solaris-x86 1.5 111.40 OK
r-release-linux-x86_64 1.5 34.59 37.66 72.25 OK
r-release-macos-arm64 1.5 OK
r-release-macos-x86_64 1.5 OK
r-release-windows-ix86+x86_64 1.5 98.00 94.00 192.00 OK
r-oldrel-macos-x86_64 1.5 OK
r-oldrel-windows-ix86+x86_64 1.5 96.00 68.00 164.00 OK

Check Details

Version: 1.5
Check: whether package can be installed
Result: ERROR
    Installation failed.
Flavor: r-devel-windows-x86_64-gcc10-UCRT