Last updated on 2022-07-04 15:54:48 CEST.
Flavor | Version | Tinstall | Tcheck | Ttotal | Status | Flags |
---|---|---|---|---|---|---|
r-devel-linux-x86_64-debian-clang | 2.1 | 49.11 | 79.09 | 128.20 | NOTE | |
r-devel-linux-x86_64-debian-gcc | 2.1 | 34.53 | 59.37 | 93.90 | NOTE | |
r-devel-linux-x86_64-fedora-clang | 2.1 | 183.53 | NOTE | |||
r-devel-linux-x86_64-fedora-gcc | 2.1 | 164.49 | NOTE | |||
r-devel-windows-x86_64 | 2.1 | 46.00 | 123.00 | 169.00 | NOTE | |
r-patched-linux-x86_64 | 2.1 | 39.77 | 75.62 | 115.39 | NOTE | |
r-release-linux-x86_64 | 2.1 | 39.69 | 76.73 | 116.42 | NOTE | |
r-release-macos-arm64 | 2.1 | 45.00 | NOTE | |||
r-release-macos-x86_64 | 2.1 | 62.00 | NOTE | |||
r-release-windows-x86_64 | 2.1 | 53.00 | 129.00 | 182.00 | NOTE | |
r-oldrel-macos-arm64 | 2.1 | 53.00 | NOTE | |||
r-oldrel-macos-x86_64 | 2.1 | 80.00 | NOTE | |||
r-oldrel-windows-ix86+x86_64 | 2.1 | 109.00 | 152.00 | 261.00 | NOTE |
Version: 2.1
Check: LazyData
Result: NOTE
'LazyData' is specified without a 'data' directory
Flavors: r-devel-linux-x86_64-debian-clang, r-devel-linux-x86_64-debian-gcc, r-devel-linux-x86_64-fedora-clang, r-devel-linux-x86_64-fedora-gcc, r-devel-windows-x86_64, r-patched-linux-x86_64, r-release-linux-x86_64, r-release-macos-arm64, r-release-macos-x86_64, r-release-windows-x86_64, r-oldrel-macos-arm64, r-oldrel-macos-x86_64, r-oldrel-windows-ix86+x86_64