CRAN Package Check Results for Package PetfindeR

Last updated on 2023-01-29 03:55:21 CET.

Flavor Version Tinstall Tcheck Ttotal Status Flags
r-devel-linux-x86_64-debian-clang 2.1.0 3.47 25.54 29.01 NOTE
r-devel-linux-x86_64-debian-gcc 2.1.0 2.29 20.06 22.35 NOTE
r-devel-linux-x86_64-fedora-clang 2.1.0 37.02 NOTE
r-devel-linux-x86_64-fedora-gcc 2.1.0 50.17 NOTE
r-devel-windows-x86_64 2.1.0 11.00 55.00 66.00 NOTE
r-patched-linux-x86_64 2.1.0 3.48 25.01 28.49 NOTE
r-release-linux-x86_64 2.1.0 2.43 25.54 27.97 NOTE
r-release-macos-arm64 2.1.0 17.00 NOTE
r-release-macos-x86_64 2.1.0 24.00 NOTE
r-release-windows-x86_64 2.1.0 15.00 55.00 70.00 NOTE
r-oldrel-macos-arm64 2.1.0 19.00 NOTE
r-oldrel-macos-x86_64 2.1.0 25.00 NOTE
r-oldrel-windows-ix86+x86_64 2.1.0 8.00 50.00 58.00 NOTE

Check Details

Version: 2.1.0
Check: LazyData
Result: NOTE
     'LazyData' is specified without a 'data' directory
Flavors: r-devel-linux-x86_64-debian-clang, r-devel-linux-x86_64-debian-gcc, r-devel-linux-x86_64-fedora-clang, r-devel-linux-x86_64-fedora-gcc, r-devel-windows-x86_64, r-patched-linux-x86_64, r-release-linux-x86_64, r-release-macos-arm64, r-release-macos-x86_64, r-release-windows-x86_64, r-oldrel-macos-arm64, r-oldrel-macos-x86_64, r-oldrel-windows-ix86+x86_64

Version: 2.1.0
Check: dependencies in R code
Result: NOTE
    Namespace in Imports field not imported from: ‘R6’
     All declared Imports should be used.
Flavors: r-devel-linux-x86_64-fedora-clang, r-devel-linux-x86_64-fedora-gcc, r-release-macos-arm64, r-release-macos-x86_64, r-oldrel-macos-arm64, r-oldrel-macos-x86_64