CRAN Package Check Results for Package Peptides

Last updated on 2020-09-22 03:49:33 CEST.

Flavor Version Tinstall Tcheck Ttotal Status Flags
r-devel-linux-x86_64-debian-clang 2.4.2 18.74 33.44 52.18 OK
r-devel-linux-x86_64-debian-gcc 2.4.2 0.46 2.25 2.71 ERROR
r-devel-linux-x86_64-fedora-clang 2.4.2 77.64 OK
r-devel-linux-x86_64-fedora-gcc 2.4.2 64.39 OK
r-devel-windows-ix86+x86_64 2.4.2 50.00 94.00 144.00 NOTE
r-patched-linux-x86_64 2.4.2 15.37 32.86 48.23 OK
r-patched-solaris-x86 2.4.2 83.00 OK
r-release-linux-x86_64 2.4.2 14.00 33.17 47.17 OK
r-release-macos-x86_64 2.4.2 OK
r-release-windows-ix86+x86_64 2.4.2 50.00 85.00 135.00 NOTE
r-oldrel-macos-x86_64 2.4.2 OK
r-oldrel-windows-ix86+x86_64 2.4.2 33.00 70.00 103.00 OK

Check Details

Version: 2.4.2
Check: whether package can be installed
Result: ERROR
    Installation failed.
Flavor: r-devel-linux-x86_64-debian-gcc

Version: 2.4.2
Check: installed package size
Result: NOTE
     installed size is 5.5Mb
     sub-directories of 1Mb or more:
     libs 2.0Mb
     xvg-files 3.2Mb
Flavors: r-devel-windows-ix86+x86_64, r-release-windows-ix86+x86_64