CRAN Package Check Results for Package Patterns

Last updated on 2024-06-13 03:49:28 CEST.

Flavor Version Tinstall Tcheck Ttotal Status Flags
r-devel-linux-x86_64-debian-clang 1.5 63.76 468.44 532.20 OK
r-devel-linux-x86_64-debian-gcc 1.5 0.58 1.94 2.52 ERROR
r-devel-linux-x86_64-fedora-clang 1.5 682.67 OK
r-devel-linux-x86_64-fedora-gcc 1.5 581.29 OK
r-devel-windows-x86_64 1.5 31.00 276.00 307.00 OK
r-patched-linux-x86_64 1.5 41.92 440.56 482.48 OK
r-release-linux-x86_64 1.5 37.59 453.60 491.19 OK
r-release-macos-arm64 1.5 322.00 OK
r-release-macos-x86_64 1.5 290.00 OK
r-release-windows-x86_64 1.5 33.00 282.00 315.00 OK
r-oldrel-macos-arm64 1.5 174.00 OK
r-oldrel-macos-x86_64 1.5 449.00 OK
r-oldrel-windows-x86_64 1.5 44.00 349.00 393.00 OK

Check Details

Version: 1.5
Check: package dependencies
Result: ERROR Packages required but not available: 'igraph', 'jetset', 'SelectBoost', 'tnet', 'WGCNA' Packages suggested but not available for checking: 'animation', 'biomaRt' See section ‘The DESCRIPTION file’ in the ‘Writing R Extensions’ manual. Flavor: r-devel-linux-x86_64-debian-gcc