CRAN Package Check Results for Package ParetoPosStable

Last updated on 2024-07-20 15:48:51 CEST.

Flavor Version Tinstall Tcheck Ttotal Status Flags
r-devel-linux-x86_64-debian-clang 1.1 2.78 31.81 34.59 NOTE
r-devel-linux-x86_64-debian-gcc 1.1 3.07 24.09 27.16 NOTE
r-devel-linux-x86_64-fedora-clang 1.1 45.20 NOTE
r-devel-linux-x86_64-fedora-gcc 1.1 44.58 NOTE
r-devel-windows-x86_64 1.1 4.00 50.00 54.00 NOTE
r-patched-linux-x86_64 1.1 3.34 31.73 35.07 NOTE
r-release-linux-x86_64 1.1 3.94 31.68 35.62 NOTE
r-release-macos-arm64 1.1 18.00 NOTE
r-release-macos-x86_64 1.1 25.00 NOTE
r-release-windows-x86_64 1.1 4.00 51.00 55.00 NOTE
r-oldrel-macos-arm64 1.1 21.00 OK
r-oldrel-macos-x86_64 1.1 25.00 OK
r-oldrel-windows-x86_64 1.1 5.00 51.00 56.00 OK

Check Details

Version: 1.1
Check: Rd files
Result: NOTE checkRd: (-1) PPS.fit.Rd:25: Lost braces in \itemize; \value handles \item{}{} directly checkRd: (-1) PPS.fit.Rd:26: Lost braces in \itemize; \value handles \item{}{} directly checkRd: (-1) PPS.fit.Rd:27: Lost braces in \itemize; \value handles \item{}{} directly checkRd: (-1) PPS.fit.Rd:28: Lost braces in \itemize; \value handles \item{}{} directly checkRd: (-1) PPS.fit.Rd:29: Lost braces in \itemize; \value handles \item{}{} directly checkRd: (-1) PPS.fit.Rd:30: Lost braces in \itemize; \value handles \item{}{} directly checkRd: (-1) forbes400.Rd:8: Lost braces in \itemize; meant \describe ? checkRd: (-1) forbes400.Rd:9: Lost braces in \itemize; meant \describe ? checkRd: (-1) turkey.Rd:8: Lost braces in \itemize; meant \describe ? checkRd: (-1) turkey.Rd:9: Lost braces in \itemize; meant \describe ? checkRd: (-1) turkey.Rd:10: Lost braces in \itemize; meant \describe ? checkRd: (-1) turkey.Rd:11: Lost braces in \itemize; meant \describe ? Flavors: r-devel-linux-x86_64-debian-clang, r-devel-linux-x86_64-debian-gcc, r-devel-linux-x86_64-fedora-clang, r-devel-linux-x86_64-fedora-gcc, r-devel-windows-x86_64, r-patched-linux-x86_64, r-release-linux-x86_64, r-release-macos-arm64, r-release-macos-x86_64, r-release-windows-x86_64