Last updated on 2023-02-05 15:55:22 CET.
Flavor | Version | Tinstall | Tcheck | Ttotal | Status | Flags |
---|---|---|---|---|---|---|
r-devel-linux-x86_64-debian-clang | 0.1.0 | 7.25 | 45.68 | 52.93 | OK | |
r-devel-linux-x86_64-debian-gcc | 0.1.0 | 6.21 | 34.24 | 40.45 | OK | |
r-devel-linux-x86_64-fedora-clang | 0.1.0 | 68.29 | NOTE | |||
r-devel-linux-x86_64-fedora-gcc | 0.1.0 | 77.64 | NOTE | |||
r-devel-windows-x86_64 | 0.1.0 | 24.00 | 74.00 | 98.00 | OK | |
r-patched-linux-x86_64 | 0.1.0 | 8.53 | 44.50 | 53.03 | OK | |
r-release-linux-x86_64 | 0.1.0 | 6.92 | 43.51 | 50.43 | OK | |
r-release-macos-arm64 | 0.1.0 | 25.00 | NOTE | |||
r-release-macos-x86_64 | 0.1.0 | 36.00 | NOTE | |||
r-release-windows-x86_64 | 0.1.0 | 17.00 | 80.00 | 97.00 | OK | |
r-oldrel-macos-arm64 | 0.1.0 | 28.00 | NOTE | |||
r-oldrel-macos-x86_64 | 0.1.0 | 41.00 | NOTE | |||
r-oldrel-windows-ix86+x86_64 | 0.1.0 | 15.00 | 71.00 | 86.00 | OK |
Version: 0.1.0
Check: data for non-ASCII characters
Result: NOTE
Note: found 4 marked UTF-8 strings
Flavors: r-devel-linux-x86_64-fedora-clang, r-devel-linux-x86_64-fedora-gcc, r-release-macos-arm64, r-release-macos-x86_64, r-oldrel-macos-arm64, r-oldrel-macos-x86_64