Last updated on 2023-02-05 15:55:22 CET.
Flavor | Version | Tinstall | Tcheck | Ttotal | Status | Flags |
---|---|---|---|---|---|---|
r-devel-linux-x86_64-debian-clang | 1.0.0 | 6.62 | 50.48 | 57.10 | OK | |
r-devel-linux-x86_64-debian-gcc | 1.0.0 | 5.84 | 38.37 | 44.21 | OK | |
r-devel-linux-x86_64-fedora-clang | 1.0.0 | 81.55 | NOTE | |||
r-devel-linux-x86_64-fedora-gcc | 1.0.0 | 81.76 | NOTE | |||
r-devel-windows-x86_64 | 1.0.0 | 25.00 | 82.00 | 107.00 | OK | |
r-patched-linux-x86_64 | 1.0.0 | 8.91 | 48.38 | 57.29 | OK | |
r-release-linux-x86_64 | 1.0.0 | 7.88 | 47.83 | 55.71 | OK | |
r-release-macos-arm64 | 1.0.0 | 29.00 | NOTE | |||
r-release-macos-x86_64 | 1.0.0 | 48.00 | NOTE | |||
r-release-windows-x86_64 | 1.0.0 | 23.00 | 92.00 | 115.00 | OK | |
r-oldrel-macos-arm64 | 1.0.0 | 34.00 | NOTE | |||
r-oldrel-macos-x86_64 | 1.0.0 | 46.00 | NOTE | |||
r-oldrel-windows-ix86+x86_64 | 1.0.0 | 15.00 | 80.00 | 95.00 | OK |
Version: 1.0.0
Check: dependencies in R code
Result: NOTE
Namespace in Imports field not imported from: ‘stats’
All declared Imports should be used.
Flavors: r-devel-linux-x86_64-fedora-clang, r-devel-linux-x86_64-fedora-gcc, r-release-macos-arm64, r-release-macos-x86_64, r-oldrel-macos-arm64, r-oldrel-macos-x86_64