CRAN Package Check Results for Package PakPC2017

Last updated on 2020-09-22 16:02:35 CEST.

Flavor Version Tinstall Tcheck Ttotal Status Flags
r-devel-linux-x86_64-debian-clang 1.0.0 6.35 41.09 47.44 OK
r-devel-linux-x86_64-debian-gcc 1.0.0 5.17 31.75 36.92 OK
r-devel-linux-x86_64-fedora-clang 1.0.0 68.24 NOTE
r-devel-linux-x86_64-fedora-gcc 1.0.0 58.96 NOTE
r-devel-windows-ix86+x86_64 1.0.0 13.00 53.00 66.00 OK
r-patched-linux-x86_64 1.0.0 5.99 40.50 46.49 OK
r-patched-solaris-x86 1.0.0 87.90 NOTE
r-release-linux-x86_64 1.0.0 6.32 40.44 46.76 OK
r-release-macos-x86_64 1.0.0 NOTE
r-release-windows-ix86+x86_64 1.0.0 13.00 63.00 76.00 OK
r-oldrel-macos-x86_64 1.0.0 NOTE
r-oldrel-windows-ix86+x86_64 1.0.0 9.00 51.00 60.00 OK

Check Details

Version: 1.0.0
Check: dependencies in R code
Result: NOTE
    Namespace in Imports field not imported from: ‘stats’
     All declared Imports should be used.
Flavors: r-devel-linux-x86_64-fedora-clang, r-devel-linux-x86_64-fedora-gcc, r-patched-solaris-x86, r-release-macos-x86_64, r-oldrel-macos-x86_64