Last updated on 2022-08-07 15:55:56 CEST.
Flavor | Version | Tinstall | Tcheck | Ttotal | Status | Flags |
---|---|---|---|---|---|---|
r-devel-linux-x86_64-debian-clang | 1.3.5 | 7.66 | 77.74 | 85.40 | NOTE | |
r-devel-linux-x86_64-debian-gcc | 1.3.5 | 6.23 | 58.62 | 64.85 | NOTE | |
r-devel-linux-x86_64-fedora-clang | 1.3.5 | 113.58 | NOTE | |||
r-devel-linux-x86_64-fedora-gcc | 1.3.5 | 116.09 | NOTE | |||
r-devel-windows-x86_64 | 1.3.5 | 36.00 | 106.00 | 142.00 | NOTE | |
r-patched-linux-x86_64 | 1.3.5 | 8.71 | 73.83 | 82.54 | OK | |
r-release-linux-x86_64 | 1.3.5 | 7.54 | 73.83 | 81.37 | OK | |
r-release-macos-arm64 | 1.3.5 | 36.00 | OK | |||
r-release-macos-x86_64 | 1.3.5 | 49.00 | OK | |||
r-release-windows-x86_64 | 1.3.5 | 17.00 | 107.00 | 124.00 | OK | |
r-oldrel-macos-arm64 | 1.3.5 | 45.00 | OK | |||
r-oldrel-macos-x86_64 | 1.3.5 | 54.00 | OK | |||
r-oldrel-windows-ix86+x86_64 | 1.3.5 | 15.00 | 103.00 | 118.00 | OK |
Version: 1.3.5
Check: Rd files
Result: NOTE
checkRd: (-1) eseq.Rd:36: Escaped LaTeX specials: \_
checkRd: (-1) eseq.Rd:38: Escaped LaTeX specials: \_
Flavors: r-devel-linux-x86_64-debian-clang, r-devel-linux-x86_64-debian-gcc, r-devel-linux-x86_64-fedora-clang, r-devel-linux-x86_64-fedora-gcc, r-devel-windows-x86_64
Version: 1.3.5
Check: HTML version of manual
Result: NOTE
Found the following math rendering problems:
specialg.Rd:62: Can't use function '$' in math mode in a_i \leq b_i$,$i=1, \ldots, ...
Flavors: r-devel-linux-x86_64-debian-clang, r-devel-linux-x86_64-debian-gcc