Last updated on 2022-07-04 15:54:49 CEST.
Flavor | Version | Tinstall | Tcheck | Ttotal | Status | Flags |
---|---|---|---|---|---|---|
r-devel-linux-x86_64-debian-clang | 1.3.0 | 26.77 | 93.93 | 120.70 | NOTE | |
r-devel-linux-x86_64-debian-gcc | 1.3.0 | 21.80 | 71.75 | 93.55 | NOTE | |
r-devel-linux-x86_64-fedora-clang | 1.3.0 | 151.72 | NOTE | |||
r-devel-linux-x86_64-fedora-gcc | 1.3.0 | 152.75 | NOTE | |||
r-devel-windows-x86_64 | 1.3.0 | 33.00 | 121.00 | 154.00 | NOTE | |
r-patched-linux-x86_64 | 1.3.0 | 19.22 | 88.96 | 108.18 | NOTE | |
r-release-linux-x86_64 | 1.3.0 | 22.09 | 88.10 | 110.19 | NOTE | |
r-release-macos-arm64 | 1.3.0 | 53.00 | NOTE | |||
r-release-macos-x86_64 | 1.3.0 | 58.00 | NOTE | |||
r-release-windows-x86_64 | 1.3.0 | 42.00 | 124.00 | 166.00 | NOTE | |
r-oldrel-macos-arm64 | 1.3.0 | 56.00 | NOTE | |||
r-oldrel-macos-x86_64 | 1.3.0 | 92.00 | NOTE | |||
r-oldrel-windows-ix86+x86_64 | 1.3.0 | 53.00 | 153.00 | 206.00 | NOTE |
Version: 1.3.0
Check: LazyData
Result: NOTE
'LazyData' is specified without a 'data' directory
Flavors: r-devel-linux-x86_64-debian-clang, r-devel-linux-x86_64-debian-gcc, r-devel-linux-x86_64-fedora-clang, r-devel-linux-x86_64-fedora-gcc, r-devel-windows-x86_64, r-patched-linux-x86_64, r-release-linux-x86_64, r-release-macos-arm64, r-release-macos-x86_64, r-release-windows-x86_64, r-oldrel-macos-arm64, r-oldrel-macos-x86_64, r-oldrel-windows-ix86+x86_64
Version: 1.3.0
Check: compiled code
Result: NOTE
File ‘PWEALL/libs/PWEALL.so’:
Found no calls to: ‘R_registerRoutines’, ‘R_useDynamicSymbols’
It is good practice to register native routines and to disable symbol
search.
See ‘Writing portable packages’ in the ‘Writing R Extensions’ manual.
Flavors: r-devel-linux-x86_64-fedora-clang, r-devel-linux-x86_64-fedora-gcc