CRAN Package Check Results for Package PUlasso

Last updated on 2020-09-27 03:46:40 CEST.

Flavor Version Tinstall Tcheck Ttotal Status Flags
r-devel-linux-x86_64-debian-clang 3.2.3 201.51 104.96 306.47 OK
r-devel-linux-x86_64-debian-gcc 3.2.3 158.08 80.25 238.33 OK
r-devel-linux-x86_64-fedora-clang 3.2.3 438.56 NOTE
r-devel-linux-x86_64-fedora-gcc 3.2.3 408.87 OK
r-devel-windows-ix86+x86_64 3.2.3 425.00 213.00 638.00 OK
r-patched-linux-x86_64 3.2.3 159.88 102.76 262.64 OK
r-patched-solaris-x86 3.2.3 359.00 OK
r-release-linux-x86_64 3.2.3 166.10 101.77 267.87 OK
r-release-macos-x86_64 3.2.3 NOTE
r-release-windows-ix86+x86_64 3.2.3 388.00 207.00 595.00 OK
r-oldrel-macos-x86_64 3.2.3 NOTE
r-oldrel-windows-ix86+x86_64 3.2.3 381.00 190.00 571.00 OK

Check Details

Version: 3.2.3
Check: installed package size
Result: NOTE
     installed size is 35.6Mb
     sub-directories of 1Mb or more:
     libs 35.1Mb
Flavors: r-devel-linux-x86_64-fedora-clang, r-release-macos-x86_64, r-oldrel-macos-x86_64