CRAN Package Check Results for Package PTE

Last updated on 2022-07-02 03:51:36 CEST.

Flavor Version Tinstall Tcheck Ttotal Status Flags
r-devel-linux-x86_64-debian-clang 1.7 8.37 68.56 76.93 OK
r-devel-linux-x86_64-debian-gcc 1.7 6.78 52.94 59.72 OK
r-devel-linux-x86_64-fedora-clang 1.7 100.41 NOTE
r-devel-linux-x86_64-fedora-gcc 1.7 100.73 NOTE
r-devel-windows-x86_64 1.7 12.00 89.00 101.00 OK
r-patched-linux-x86_64 1.7 6.04 68.26 74.30 OK
r-release-linux-x86_64 1.7 6.73 66.34 73.07 OK
r-release-macos-arm64 1.7 26.00 NOTE
r-release-macos-x86_64 1.7 43.00 NOTE
r-release-windows-x86_64 1.7 14.00 91.00 105.00 OK
r-oldrel-macos-arm64 1.7 33.00 NOTE
r-oldrel-macos-x86_64 1.7 52.00 NOTE
r-oldrel-windows-ix86+x86_64 1.7 18.00 87.00 105.00 OK

Check Details

Version: 1.7
Check: dependencies in R code
Result: NOTE
    Namespace in Imports field not imported from: ‘grDevices’
     All declared Imports should be used.
Flavors: r-devel-linux-x86_64-fedora-clang, r-devel-linux-x86_64-fedora-gcc, r-release-macos-arm64, r-release-macos-x86_64, r-oldrel-macos-arm64, r-oldrel-macos-x86_64