Last updated on 2023-11-30 15:48:26 CET.
Flavor | Version | Tinstall | Tcheck | Ttotal | Status | Flags |
---|---|---|---|---|---|---|
r-devel-linux-x86_64-debian-clang | 1.1.8 | 14.33 | 131.10 | 145.43 | NOTE | |
r-devel-linux-x86_64-debian-gcc | 1.1.8 | 12.64 | 96.03 | 108.67 | NOTE | |
r-devel-linux-x86_64-fedora-clang | 1.1.8 | 196.59 | OK | |||
r-devel-linux-x86_64-fedora-gcc | 1.1.8 | 184.69 | OK | |||
r-devel-windows-x86_64 | 1.1.8 | 13.00 | 117.00 | 130.00 | OK | |
r-patched-linux-x86_64 | 1.1.8 | 12.17 | 124.27 | 136.44 | OK | |
r-release-linux-x86_64 | 1.1.8 | 11.22 | 120.60 | 131.82 | OK | |
r-release-macos-arm64 | 1.1.8 | 59.00 | OK | |||
r-release-macos-x86_64 | 1.1.8 | 96.00 | OK | |||
r-release-windows-x86_64 | 1.1.8 | 20.00 | 136.00 | 156.00 | OK | |
r-oldrel-macos-arm64 | 1.1.8 | 57.00 | OK | |||
r-oldrel-macos-x86_64 | 1.1.8 | 73.00 | OK | |||
r-oldrel-windows-x86_64 | 1.1.8 | 20.00 | 137.00 | 157.00 | OK |
Version: 1.1.8
Check: Rd files
Result: NOTE
checkRd: (-1) SumStat.Rd:107: Lost braces
107 | Current version of \code{PSweight} allows for five types of propensity score weights used to estimate ATE (\code{"IPW"}), ATT {(\code{"treated"})}, and
| ^
checkRd: (-1) SumStat.Rd:108: Lost braces
108 | ATO{(\code{"overlap"})}, ATM {\code{"matching"}} and ATEN \code{"entropy"}. These weights are members of a larger class of balancing weights defined in Li, Morgan, and Zaslavsky (2018).
| ^
checkRd: (-1) SumStat_cl.Rd:72: Lost braces
72 | Current version of \code{PSweight} allows for five types of propensity score weights used to estimate ATE (\code{"IPW"}), ATT {(\code{"treated"})}, and
| ^
checkRd: (-1) SumStat_cl.Rd:73: Lost braces
73 | ATO{(\code{"overlap"})}, ATM {\code{"matching"}} and ATEN \code{"entropy"}. These weights are members of a larger class of balancing weights defined in Li, Morgan, and Zaslavsky (2018).
| ^
Flavors: r-devel-linux-x86_64-debian-clang, r-devel-linux-x86_64-debian-gcc