CRAN Package Check Results for Package PSSMCOOL

Last updated on 2022-09-29 03:58:11 CEST.

Flavor Version Tinstall Tcheck Ttotal Status Flags
r-devel-linux-x86_64-debian-clang 0.2.4 6.33 79.92 86.25 OK
r-devel-linux-x86_64-debian-gcc 0.2.4 4.62 57.87 62.49 OK
r-devel-linux-x86_64-fedora-clang 0.2.4 115.37 NOTE
r-devel-linux-x86_64-fedora-gcc 0.2.4 109.98 OK
r-devel-windows-x86_64 0.2.4 47.00 123.00 170.00 OK
r-patched-linux-x86_64 0.2.4 5.00 75.38 80.38 OK
r-release-linux-x86_64 0.2.4 6.12 74.29 80.41 OK
r-release-macos-arm64 0.2.4 30.00 OK
r-release-macos-x86_64 0.2.4 42.00 OK
r-release-windows-x86_64 0.2.4 56.00 117.00 173.00 OK
r-oldrel-macos-arm64 0.2.4 28.00 OK
r-oldrel-macos-x86_64 0.2.4 43.00 OK
r-oldrel-windows-ix86+x86_64 0.2.4 11.00 112.00 123.00 OK

Check Details

Version: 0.2.4
Check: Rd cross-references
Result: NOTE
    Undeclared package ‘entropy’ in Rd xrefs
Flavor: r-devel-linux-x86_64-fedora-clang