CRAN Package Check Results for Package PSS.Health

Last updated on 2024-06-16 03:57:37 CEST.

Flavor Version Tinstall Tcheck Ttotal Status Flags
r-devel-linux-x86_64-debian-clang 1.0.2 18.82 151.94 170.76 OK
r-devel-linux-x86_64-debian-gcc 1.0.2 14.63 113.56 128.19 OK
r-devel-linux-x86_64-fedora-clang 1.0.2 221.44 NOTE
r-devel-linux-x86_64-fedora-gcc 1.0.2 212.58 OK
r-devel-windows-x86_64 1.0.2 17.00 116.00 133.00 OK
r-patched-linux-x86_64 1.0.2 16.86 146.28 163.14 OK
r-release-linux-x86_64 1.0.2 18.21 145.70 163.91 OK
r-release-macos-arm64 1.0.2 65.00 OK
r-release-macos-x86_64 1.0.2 131.00 OK
r-release-windows-x86_64 1.0.2 17.00 116.00 133.00 OK
r-oldrel-macos-arm64 1.0.2 61.00 OK
r-oldrel-macos-x86_64 1.0.2 167.00 OK
r-oldrel-windows-x86_64 1.0.2 22.00 148.00 170.00 OK

Check Details

Version: 1.0.2
Check: package dependencies
Result: NOTE Imports includes 21 non-default packages. Importing from so many packages makes the package vulnerable to any of them becoming unavailable. Move as many as possible to Suggests and use conditionally. Flavor: r-devel-linux-x86_64-fedora-clang