CRAN Package Check Results for Package PSLM2015

Last updated on 2020-10-21 03:47:29 CEST.

Flavor Version Tinstall Tcheck Ttotal Status Flags
r-devel-linux-x86_64-debian-clang 0.2.0 8.24 40.12 48.36 OK
r-devel-linux-x86_64-debian-gcc 0.2.0 6.89 30.91 37.80 OK
r-devel-linux-x86_64-fedora-clang 0.2.0 67.37 NOTE
r-devel-linux-x86_64-fedora-gcc 0.2.0 57.78 NOTE
r-devel-windows-ix86+x86_64 0.2.0 11.00 45.00 56.00 OK
r-patched-linux-x86_64 0.2.0 7.60 37.63 45.23 OK
r-patched-solaris-x86 0.2.0 84.40 NOTE
r-release-linux-x86_64 0.2.0 8.47 37.70 46.17 OK
r-release-macos-x86_64 0.2.0 NOTE
r-release-windows-ix86+x86_64 0.2.0 16.00 56.00 72.00 OK
r-oldrel-macos-x86_64 0.2.0 NOTE
r-oldrel-windows-ix86+x86_64 0.2.0 10.00 42.00 52.00 OK

Check Details

Version: 0.2.0
Check: data for non-ASCII characters
Result: NOTE
     Note: found 26 marked Latin-1 strings
Flavors: r-devel-linux-x86_64-fedora-clang, r-devel-linux-x86_64-fedora-gcc, r-patched-solaris-x86, r-release-macos-x86_64, r-oldrel-macos-x86_64