CRAN Package Check Results for Package PSF

Last updated on 2020-11-24 15:52:16 CET.

Flavor Version Tinstall Tcheck Ttotal Status Flags
r-devel-linux-x86_64-debian-clang 0.4 4.42 51.11 55.53 NOTE
r-devel-linux-x86_64-debian-gcc 0.4 3.76 37.40 41.16 NOTE
r-devel-linux-x86_64-fedora-clang 0.4 71.54 NOTE
r-devel-linux-x86_64-fedora-gcc 0.4 61.91 NOTE
r-devel-windows-ix86+x86_64 0.4 7.00 60.00 67.00 NOTE
r-patched-linux-x86_64 0.4 3.61 48.52 52.13 NOTE
r-patched-solaris-x86 0.4 87.30 NOTE
r-release-linux-x86_64 0.4 4.13 48.35 52.48 NOTE
r-release-macos-x86_64 0.4 NOTE
r-release-windows-ix86+x86_64 0.4 5.00 54.00 59.00 NOTE
r-oldrel-macos-x86_64 0.4 NOTE
r-oldrel-windows-ix86+x86_64 0.4 4.00 52.00 56.00 OK

Check Details

Version: 0.4
Check: package vignettes
Result: NOTE
    Package vignette with placeholder title 'Vignette Title':
     'PSF_vignette.Rmd'
Flavors: r-devel-linux-x86_64-debian-clang, r-devel-linux-x86_64-debian-gcc, r-devel-windows-ix86+x86_64, r-patched-linux-x86_64, r-release-linux-x86_64, r-release-windows-ix86+x86_64

Version: 0.4
Check: dependencies in R code
Result: NOTE
    Namespaces in Imports field not imported from:
     ‘forecast’ ‘knitr’
     All declared Imports should be used.
Flavors: r-devel-linux-x86_64-fedora-clang, r-devel-linux-x86_64-fedora-gcc, r-patched-solaris-x86, r-release-macos-x86_64, r-oldrel-macos-x86_64