CRAN Package Check Results for Package PReMiuM

Last updated on 2022-09-25 15:56:50 CEST.

Flavor Version Tinstall Tcheck Ttotal Status Flags
r-devel-linux-x86_64-debian-clang 3.2.7 97.54 118.50 216.04 NOTE
r-devel-linux-x86_64-debian-gcc 3.2.7 54.69 2.30 56.99 ERROR
r-devel-linux-x86_64-fedora-clang 3.2.7 267.59 NOTE
r-devel-linux-x86_64-fedora-gcc 3.2.7 271.97 NOTE
r-devel-windows-x86_64 3.2.7 203.00 165.00 368.00 NOTE
r-patched-linux-x86_64 3.2.7 82.11 112.84 194.95 OK
r-release-linux-x86_64 3.2.7 79.77 111.83 191.60 OK
r-release-macos-arm64 3.2.7 130.00 NOTE
r-release-macos-x86_64 3.2.7 228.00 NOTE
r-release-windows-x86_64 3.2.7 74.00 167.00 241.00 OK
r-oldrel-macos-arm64 3.2.7 141.00 NOTE
r-oldrel-macos-x86_64 3.2.7 125.00 NOTE
r-oldrel-windows-ix86+x86_64 3.2.7 190.00 201.00 391.00 OK

Check Details

Version: 3.2.7
Check: Rd files
Result: NOTE
    checkRd: (-1) PReMiuM-package.Rd:80: Escaped LaTeX specials: \&
    checkRd: (-1) profRegr.Rd:156: Escaped LaTeX specials: \&
Flavors: r-devel-linux-x86_64-debian-clang, r-devel-linux-x86_64-fedora-clang, r-devel-linux-x86_64-fedora-gcc, r-devel-windows-x86_64

Version: 3.2.7
Check: whether package can be installed
Result: ERROR
    Installation failed.
Flavor: r-devel-linux-x86_64-debian-gcc

Version: 3.2.7
Check: installed package size
Result: NOTE
     installed size is 16.5Mb
     sub-directories of 1Mb or more:
     libs 16.1Mb
Flavors: r-release-macos-arm64, r-release-macos-x86_64, r-oldrel-macos-arm64, r-oldrel-macos-x86_64