Last updated on 2022-07-04 15:54:49 CEST.
Flavor | Version | Tinstall | Tcheck | Ttotal | Status | Flags |
---|---|---|---|---|---|---|
r-devel-linux-x86_64-debian-clang | 1.1 | 11.86 | 108.23 | 120.09 | NOTE | |
r-devel-linux-x86_64-debian-gcc | 1.1 | 8.94 | 83.24 | 92.18 | NOTE | |
r-devel-linux-x86_64-fedora-clang | 1.1 | 153.67 | NOTE | |||
r-devel-linux-x86_64-fedora-gcc | 1.1 | 154.14 | NOTE | |||
r-devel-windows-x86_64 | 1.1 | 20.00 | 132.00 | 152.00 | NOTE | |
r-patched-linux-x86_64 | 1.1 | 15.01 | 101.29 | 116.30 | NOTE | |
r-release-linux-x86_64 | 1.1 | 12.13 | 100.88 | 113.01 | NOTE | |
r-release-macos-arm64 | 1.1 | 46.00 | NOTE | |||
r-release-macos-x86_64 | 1.1 | 70.00 | NOTE | |||
r-release-windows-x86_64 | 1.1 | 21.00 | 123.00 | 144.00 | NOTE | |
r-oldrel-macos-arm64 | 1.1 | 61.00 | NOTE | |||
r-oldrel-macos-x86_64 | 1.1 | 68.00 | NOTE | |||
r-oldrel-windows-ix86+x86_64 | 1.1 | 23.00 | 131.00 | 154.00 | NOTE |
Version: 1.1
Check: LazyData
Result: NOTE
'LazyData' is specified without a 'data' directory
Flavors: r-devel-linux-x86_64-debian-clang, r-devel-linux-x86_64-debian-gcc, r-devel-linux-x86_64-fedora-clang, r-devel-linux-x86_64-fedora-gcc, r-devel-windows-x86_64, r-patched-linux-x86_64, r-release-linux-x86_64, r-release-macos-arm64, r-release-macos-x86_64, r-release-windows-x86_64, r-oldrel-macos-arm64, r-oldrel-macos-x86_64, r-oldrel-windows-ix86+x86_64