CRAN Package Check Results for Package PROreg

Last updated on 2020-09-22 03:49:35 CEST.

Flavor Version Tinstall Tcheck Ttotal Status Flags
r-devel-linux-x86_64-debian-clang 1.1 12.24 112.27 124.51 OK
r-devel-linux-x86_64-debian-gcc 1.1 0.25 2.03 2.28 ERROR
r-devel-linux-x86_64-fedora-clang 1.1 158.04 OK
r-devel-linux-x86_64-fedora-gcc 1.1 153.00 OK
r-devel-windows-ix86+x86_64 1.1 28.00 123.00 151.00 OK
r-patched-linux-x86_64 1.1 12.44 108.21 120.65 OK
r-patched-solaris-x86 1.1 249.30 OK
r-release-linux-x86_64 1.1 11.57 108.64 120.21 OK
r-release-macos-x86_64 1.1 OK
r-release-windows-ix86+x86_64 1.1 27.00 110.00 137.00 OK
r-oldrel-macos-x86_64 1.1 OK
r-oldrel-windows-ix86+x86_64 1.1 15.00 134.00 149.00 OK

Check Details

Version: 1.1
Check: whether package can be installed
Result: ERROR
    Installation failed.
Flavor: r-devel-linux-x86_64-debian-gcc