CRAN Package Check Results for Package PRISMA

Last updated on 2020-09-22 03:49:35 CEST.

Flavor Version Tinstall Tcheck Ttotal Status Flags
r-devel-linux-x86_64-debian-clang 0.2-7 9.23 86.54 95.77 OK
r-devel-linux-x86_64-debian-gcc 0.2-7 0.33 1.91 2.24 ERROR
r-devel-linux-x86_64-fedora-clang 0.2-7 127.46 OK
r-devel-linux-x86_64-fedora-gcc 0.2-7 118.61 OK
r-devel-windows-ix86+x86_64 0.2-7 24.00 115.00 139.00 OK
r-patched-linux-x86_64 0.2-7 10.07 84.37 94.44 OK
r-patched-solaris-x86 0.2-7 176.80 OK
r-release-linux-x86_64 0.2-7 9.44 84.06 93.50 OK
r-release-macos-x86_64 0.2-7 OK
r-release-windows-ix86+x86_64 0.2-7 22.00 121.00 143.00 OK
r-oldrel-macos-x86_64 0.2-7 OK
r-oldrel-windows-ix86+x86_64 0.2-7 15.00 98.00 113.00 OK

Check Details

Version: 0.2-7
Check: whether package can be installed
Result: ERROR
    Installation failed.
Flavor: r-devel-linux-x86_64-debian-gcc