CRAN Package Check Results for Package PRIMME

Last updated on 2020-09-24 15:48:38 CEST.

Flavor Version Tinstall Tcheck Ttotal Status Flags
r-devel-linux-x86_64-debian-clang 3.1-1 97.24 32.65 129.89 OK
r-devel-linux-x86_64-debian-gcc 3.1-1 94.82 25.68 120.50 OK
r-devel-linux-x86_64-fedora-clang 3.1-1 179.35 NOTE
r-devel-linux-x86_64-fedora-gcc 3.1-1 209.06 OK
r-devel-windows-ix86+x86_64 3.1-1 292.00 72.00 364.00 NOTE
r-patched-linux-x86_64 3.1-1 90.97 32.18 123.15 OK
r-patched-solaris-x86 3.1-1 246.10 OK
r-release-linux-x86_64 3.1-1 91.39 31.87 123.26 OK
r-release-macos-x86_64 3.1-1 NOTE
r-release-windows-ix86+x86_64 3.1-1 219.00 95.00 314.00 NOTE
r-oldrel-macos-x86_64 3.1-1 NOTE
r-oldrel-windows-ix86+x86_64 3.1-1 224.00 90.00 314.00 NOTE

Check Details

Version: 3.1-1
Check: installed package size
Result: NOTE
     installed size is 7.1Mb
     sub-directories of 1Mb or more:
     libs 6.9Mb
Flavors: r-devel-linux-x86_64-fedora-clang, r-devel-windows-ix86+x86_64, r-release-macos-x86_64, r-release-windows-ix86+x86_64, r-oldrel-macos-x86_64, r-oldrel-windows-ix86+x86_64