Last updated on 2022-07-03 03:50:03 CEST.
Flavor | Version | Tinstall | Tcheck | Ttotal | Status | Flags |
---|---|---|---|---|---|---|
r-devel-linux-x86_64-debian-clang | 0.1.2 | 50.20 | 104.41 | 154.61 | OK | |
r-devel-linux-x86_64-debian-gcc | 0.1.2 | 38.68 | 76.44 | 115.12 | OK | |
r-devel-linux-x86_64-fedora-clang | 0.1.2 | 204.45 | OK | |||
r-devel-linux-x86_64-fedora-gcc | 0.1.2 | 193.69 | OK | |||
r-devel-windows-x86_64 | 0.1.2 | 57.00 | 172.00 | 229.00 | OK | |
r-patched-linux-x86_64 | 0.1.2 | 37.34 | 97.41 | 134.75 | OK | |
r-release-linux-x86_64 | 0.1.2 | 40.01 | 97.16 | 137.17 | OK | |
r-release-macos-arm64 | 0.1.2 | 57.00 | NOTE | |||
r-release-macos-x86_64 | 0.1.2 | 100.00 | NOTE | |||
r-release-windows-x86_64 | 0.1.2 | 57.00 | 183.00 | 240.00 | OK | |
r-oldrel-macos-arm64 | 0.1.2 | 65.00 | NOTE | |||
r-oldrel-macos-x86_64 | 0.1.2 | 65.00 | NOTE | |||
r-oldrel-windows-ix86+x86_64 | 0.1.2 | 114.00 | 180.00 | 294.00 | OK |
Version: 0.1.2
Check: installed package size
Result: NOTE
installed size is 5.4Mb
sub-directories of 1Mb or more:
libs 4.2Mb
Flavors: r-release-macos-arm64, r-release-macos-x86_64, r-oldrel-macos-arm64, r-oldrel-macos-x86_64