CRAN Package Check Results for Package PPQplan

Last updated on 2024-06-18 03:57:17 CEST.

Flavor Version Tinstall Tcheck Ttotal Status Flags
r-devel-linux-x86_64-debian-clang 1.1.0 10.71 167.65 178.36 NOTE
r-devel-linux-x86_64-debian-gcc 1.1.0 6.64 120.92 127.56 NOTE
r-devel-linux-x86_64-fedora-clang 1.1.0 227.45 NOTE
r-devel-linux-x86_64-fedora-gcc 1.1.0 222.37 NOTE
r-devel-windows-x86_64 1.1.0 10.00 129.00 139.00 NOTE
r-patched-linux-x86_64 1.1.0 10.99 159.09 170.08 NOTE
r-release-linux-x86_64 1.1.0 7.51 155.30 162.81 NOTE
r-release-macos-arm64 1.1.0 66.00 NOTE
r-release-macos-x86_64 1.1.0 93.00 NOTE
r-release-windows-x86_64 1.1.0 9.00 124.00 133.00 NOTE
r-oldrel-macos-arm64 1.1.0 68.00 NOTE
r-oldrel-macos-x86_64 1.1.0 87.00 NOTE
r-oldrel-windows-x86_64 1.1.0 12.00 154.00 166.00 NOTE

Check Details

Version: 1.1.0
Check: LazyData
Result: NOTE 'LazyData' is specified without a 'data' directory Flavors: r-devel-linux-x86_64-debian-clang, r-devel-linux-x86_64-debian-gcc, r-devel-linux-x86_64-fedora-clang, r-devel-linux-x86_64-fedora-gcc, r-devel-windows-x86_64, r-patched-linux-x86_64, r-release-linux-x86_64, r-release-macos-arm64, r-release-macos-x86_64, r-release-windows-x86_64, r-oldrel-macos-arm64, r-oldrel-macos-x86_64, r-oldrel-windows-x86_64

Version: 1.1.0
Check: installed package size
Result: NOTE installed size is 12.1Mb sub-directories of 1Mb or more: doc 12.0Mb Flavors: r-devel-linux-x86_64-fedora-clang, r-devel-windows-x86_64, r-release-macos-arm64, r-release-macos-x86_64, r-release-windows-x86_64, r-oldrel-macos-arm64, r-oldrel-macos-x86_64, r-oldrel-windows-x86_64