Last updated on 2023-10-01 05:05:49 CEST.
Flavor | Version | Tinstall | Tcheck | Ttotal | Status | Flags |
---|---|---|---|---|---|---|
r-devel-linux-x86_64-debian-clang | 1.3.0 | 110.07 | 845.26 | 955.33 | OK | |
r-devel-linux-x86_64-debian-gcc | 1.3.0 | 84.01 | 550.07 | 634.08 | OK | |
r-devel-linux-x86_64-fedora-clang | 1.3.0 | 1312.27 | NOTE | |||
r-devel-linux-x86_64-fedora-gcc | 1.3.0 | 1277.29 | NOTE | |||
r-devel-windows-x86_64 | 1.3.0 | 83.00 | 629.00 | 712.00 | OK | |
r-patched-linux-x86_64 | 1.3.0 | 111.57 | 856.22 | 967.79 | OK | |
r-release-linux-x86_64 | 1.3.0 | 113.89 | 857.49 | 971.38 | OK | |
r-release-macos-arm64 | 1.3.0 | 285.00 | OK | |||
r-release-macos-x86_64 | 1.3.0 | 455.00 | OK | |||
r-release-windows-x86_64 | 1.3.0 | 106.00 | 804.00 | 910.00 | OK | |
r-oldrel-macos-arm64 | 1.3.0 | 234.00 | OK | |||
r-oldrel-macos-x86_64 | 1.3.0 | 312.00 | OK | |||
r-oldrel-windows-x86_64 | 1.3.0 | 102.00 | 745.00 | 847.00 | OK |
Version: 1.3.0
Check: dependencies in R code
Result: NOTE
Namespace in Imports field not imported from: ‘BH’
All declared Imports should be used.
Flavors: r-devel-linux-x86_64-fedora-clang, r-devel-linux-x86_64-fedora-gcc