CRAN Package Check Results for Package PHENTHAUproc

Last updated on 2024-06-14 03:57:30 CEST.

Flavor Version Tinstall Tcheck Ttotal Status Flags
r-devel-linux-x86_64-debian-clang 1.0.1 5.74 131.57 137.31 ERROR
r-devel-linux-x86_64-debian-gcc 1.0.1 0.39 1.68 2.07 ERROR
r-devel-linux-x86_64-fedora-clang 1.1 95.30 OK
r-devel-linux-x86_64-fedora-gcc 1.1 171.87 OK
r-devel-windows-x86_64 1.1 5.00 21.00 26.00 ERROR
r-patched-linux-x86_64 1.0.1 6.46 125.60 132.06 ERROR
r-release-linux-x86_64 1.0.1 5.64 123.17 128.81 ERROR
r-release-macos-arm64 1.1 67.00 OK
r-release-macos-x86_64 1.1 177.00 OK
r-release-windows-x86_64 1.0.1 5.00 110.00 115.00 ERROR
r-oldrel-macos-arm64 1.1 86.00 OK
r-oldrel-macos-x86_64 1.1 170.00 OK
r-oldrel-windows-x86_64 1.0.1 6.00 141.00 147.00 ERROR

Check Details

Version: 1.0.1
Check: examples
Result: ERROR Running examples in ‘PHENTHAUproc-Ex.R’ failed The error most likely occurred in: > base::assign(".ptime", proc.time(), pos = "CheckExEnv") > ### Name: plot_station > ### Title: Plot local PHENTHAUproc in a circle plot > ### Aliases: plot_station > > ### ** Examples > > > # load daily test data from Freiburg > fr_df <- load_test("day") > fr <- phenthau(fr_df) Calculating PHENTHAUproc with daily mean, min and max temperature data. First day of calculation: 2019-09-01 Last day of calculation: 2020-09-30 > > plot_station(fr) Error in `geomtextpath::geom_textpath()`: ! Problem while converting geom to grob. ℹ Error occurred in the 2nd layer. Caused by error in `txt$shape[, shape_vars]`: ! Can't subset columns that don't exist. ✖ Column `x_midpoint` doesn't exist. Backtrace: ▆ 1. ├─base (local) `<fn>`(x) 2. ├─ggplot2:::print.ggplot(x) 3. │ ├─ggplot2::ggplot_gtable(data) 4. │ └─ggplot2:::ggplot_gtable.ggplot_built(data) 5. │ └─ggplot2:::by_layer(...) 6. │ ├─rlang::try_fetch(...) 7. │ │ ├─base::tryCatch(...) 8. │ │ │ └─base (local) tryCatchList(expr, classes, parentenv, handlers) 9. │ │ │ └─base (local) tryCatchOne(expr, names, parentenv, handlers[[1L]]) 10. │ │ │ └─base (local) doTryCatch(return(expr), name, parentenv, handler) 11. │ │ └─base::withCallingHandlers(...) 12. │ └─ggplot2 (local) f(l = layers[[i]], d = data[[i]]) 13. │ └─l$draw_geom(d, layout) 14. │ └─ggplot2 (local) draw_geom(..., self = self) 15. │ └─self$geom$draw_layer(...) 16. │ └─ggplot2 (local) draw_layer(..., self = self) 17. │ └─base::lapply(...) 18. │ └─ggplot2 (local) FUN(X[[i]], ...) 19. │ ├─rlang::inject(self$draw_panel(data, panel_params, coord, !!!params)) 20. │ └─self$draw_panel(...) 21. │ └─geomtextpath (local) draw_panel(...) 22. │ └─geomtextpath::textpathGrob(...) 23. │ └─geomtextpath:::measure_label(...) 24. │ └─geomtextpath (local) measure(...) 25. │ └─geomtextpath:::text_shape(...) 26. │ ├─txt$shape[, shape_vars] 27. │ └─tibble:::`[.tbl_df`(txt$shape, , shape_vars) 28. │ └─tibble:::vectbl_as_col_location(...) 29. │ ├─tibble:::subclass_col_index_errors(...) 30. │ │ └─base::withCallingHandlers(...) 31. │ └─vctrs::vec_as_location(j, n, names, missing = "error", call = call) 32. └─vctrs (local) `<fn>`() 33. └─vctrs:::stop_subscript_oob(...) 34. └─vctrs:::stop_subscript(...) 35. └─rlang::abort(...) Execution halted Examples with CPU (user + system) or elapsed time > 5s user system elapsed phenology 9.716 0.170 10.692 phenthau 7.452 0.118 9.213 Flavor: r-devel-linux-x86_64-debian-clang

Version: 1.0.1
Check: re-building of vignette outputs
Result: ERROR Error(s) in re-building vignettes: ... --- re-building ‘PHENTHAUproc.Rmd’ using rmarkdown Quitting from lines 121-123 [unnamed-chunk-6] (PHENTHAUproc.Rmd) Error: processing vignette 'PHENTHAUproc.Rmd' failed with diagnostics: Problem while converting geom to grob. ℹ Error occurred in the 2nd layer. Caused by error in `txt$shape[, shape_vars]`: ! Can't subset columns that don't exist. ✖ Column `x_midpoint` doesn't exist. --- failed re-building ‘PHENTHAUproc.Rmd’ SUMMARY: processing the following file failed: ‘PHENTHAUproc.Rmd’ Error: Vignette re-building failed. Execution halted Flavors: r-devel-linux-x86_64-debian-clang, r-patched-linux-x86_64, r-release-linux-x86_64

Version: 1.0.1
Check: package dependencies
Result: ERROR Package required but not available: ‘lubridate’ Packages suggested but not available for checking: 'dplyr', 'geomtextpath', 'ggplot2', 'testthat', 'tidyterra' See section ‘The DESCRIPTION file’ in the ‘Writing R Extensions’ manual. Flavor: r-devel-linux-x86_64-debian-gcc

Version: 1.1
Check: whether package can be installed
Result: ERROR Installation failed. Flavor: r-devel-windows-x86_64

Version: 1.0.1
Check: examples
Result: ERROR Running examples in ‘PHENTHAUproc-Ex.R’ failed The error most likely occurred in: > base::assign(".ptime", proc.time(), pos = "CheckExEnv") > ### Name: plot_station > ### Title: Plot local PHENTHAUproc in a circle plot > ### Aliases: plot_station > > ### ** Examples > > > # load daily test data from Freiburg > fr_df <- load_test("day") > fr <- phenthau(fr_df) Calculating PHENTHAUproc with daily mean, min and max temperature data. First day of calculation: 2019-09-01 Last day of calculation: 2020-09-30 > > plot_station(fr) Error in `geomtextpath::geom_textpath()`: ! Problem while converting geom to grob. ℹ Error occurred in the 2nd layer. Caused by error in `txt$shape[, shape_vars]`: ! Can't subset columns that don't exist. ✖ Column `x_midpoint` doesn't exist. Backtrace: ▆ 1. ├─base (local) `<fn>`(x) 2. ├─ggplot2:::print.ggplot(x) 3. │ ├─ggplot2::ggplot_gtable(data) 4. │ └─ggplot2:::ggplot_gtable.ggplot_built(data) 5. │ └─ggplot2:::by_layer(...) 6. │ ├─rlang::try_fetch(...) 7. │ │ ├─base::tryCatch(...) 8. │ │ │ └─base (local) tryCatchList(expr, classes, parentenv, handlers) 9. │ │ │ └─base (local) tryCatchOne(expr, names, parentenv, handlers[[1L]]) 10. │ │ │ └─base (local) doTryCatch(return(expr), name, parentenv, handler) 11. │ │ └─base::withCallingHandlers(...) 12. │ └─ggplot2 (local) f(l = layers[[i]], d = data[[i]]) 13. │ └─l$draw_geom(d, layout) 14. │ └─ggplot2 (local) draw_geom(..., self = self) 15. │ └─self$geom$draw_layer(...) 16. │ └─ggplot2 (local) draw_layer(..., self = self) 17. │ └─base::lapply(...) 18. │ └─ggplot2 (local) FUN(X[[i]], ...) 19. │ ├─rlang::inject(self$draw_panel(data, panel_params, coord, !!!params)) 20. │ └─self$draw_panel(...) 21. │ └─geomtextpath (local) draw_panel(...) 22. │ └─geomtextpath::textpathGrob(...) 23. │ └─geomtextpath:::measure_label(...) 24. │ └─geomtextpath (local) measure(...) 25. │ └─geomtextpath:::text_shape(...) 26. │ ├─txt$shape[, shape_vars] 27. │ └─tibble:::`[.tbl_df`(txt$shape, , shape_vars) 28. │ └─tibble:::vectbl_as_col_location(...) 29. │ ├─tibble:::subclass_col_index_errors(...) 30. │ │ └─base::withCallingHandlers(...) 31. │ └─vctrs::vec_as_location(j, n, names, missing = "error", call = call) 32. └─vctrs (local) `<fn>`() 33. └─vctrs:::stop_subscript_oob(...) 34. └─vctrs:::stop_subscript(...) 35. └─rlang::abort(...) Execution halted Flavors: r-patched-linux-x86_64, r-release-linux-x86_64

Version: 1.0.1
Check: examples
Result: ERROR Running examples in 'PHENTHAUproc-Ex.R' failed The error most likely occurred in: > ### Name: plot_station > ### Title: Plot local PHENTHAUproc in a circle plot > ### Aliases: plot_station > > ### ** Examples > > > # load daily test data from Freiburg > fr_df <- load_test("day") > fr <- phenthau(fr_df) Calculating PHENTHAUproc with daily mean, min and max temperature data. First day of calculation: 2019-09-01 Last day of calculation: 2020-09-30 > > plot_station(fr) Error in `geomtextpath::geom_textpath()`: ! Problem while converting geom to grob. ℹ Error occurred in the 2nd layer. Caused by error in `txt$shape[, shape_vars]`: ! Can't subset columns that don't exist. ✖ Column `x_midpoint` doesn't exist. Backtrace: ▆ 1. ├─base (local) `<fn>`(x) 2. ├─ggplot2:::print.ggplot(x) 3. │ ├─ggplot2::ggplot_gtable(data) 4. │ └─ggplot2:::ggplot_gtable.ggplot_built(data) 5. │ └─ggplot2:::by_layer(...) 6. │ ├─rlang::try_fetch(...) 7. │ │ ├─base::tryCatch(...) 8. │ │ │ └─base (local) tryCatchList(expr, classes, parentenv, handlers) 9. │ │ │ └─base (local) tryCatchOne(expr, names, parentenv, handlers[[1L]]) 10. │ │ │ └─base (local) doTryCatch(return(expr), name, parentenv, handler) 11. │ │ └─base::withCallingHandlers(...) 12. │ └─ggplot2 (local) f(l = layers[[i]], d = data[[i]]) 13. │ └─l$draw_geom(d, layout) 14. │ └─ggplot2 (local) draw_geom(..., self = self) 15. │ └─self$geom$draw_layer(...) 16. │ └─ggplot2 (local) draw_layer(..., self = self) 17. │ └─base::lapply(...) 18. │ └─ggplot2 (local) FUN(X[[i]], ...) 19. │ ├─rlang::inject(self$draw_panel(data, panel_params, coord, !!!params)) 20. │ └─self$draw_panel(...) 21. │ └─geomtextpath (local) draw_panel(...) 22. │ └─geomtextpath::textpathGrob(...) 23. │ └─geomtextpath:::measure_label(...) 24. │ └─geomtextpath (local) measure(...) 25. │ └─geomtextpath:::text_shape(...) 26. │ ├─txt$shape[, shape_vars] 27. │ └─tibble:::`[.tbl_df`(txt$shape, , shape_vars) 28. │ └─tibble:::vectbl_as_col_location(...) 29. │ ├─tibble:::subclass_col_index_errors(...) 30. │ │ └─base::withCallingHandlers(...) 31. │ └─vctrs::vec_as_location(j, n, names, missing = "error", call = call) 32. └─vctrs (local) `<fn>`() 33. └─vctrs:::stop_subscript_oob(...) 34. └─vctrs:::stop_subscript(...) 35. └─rlang::abort(...) Execution halted Flavors: r-release-windows-x86_64, r-oldrel-windows-x86_64

Version: 1.0.1
Check: re-building of vignette outputs
Result: ERROR Error(s) in re-building vignettes: --- re-building 'PHENTHAUproc.Rmd' using rmarkdown Quitting from lines 121-123 [unnamed-chunk-6] (PHENTHAUproc.Rmd) Error: processing vignette 'PHENTHAUproc.Rmd' failed with diagnostics: Problem while converting geom to grob. ℹ Error occurred in the 2nd layer. Caused by error in `txt$shape[, shape_vars]`: ! Can't subset columns that don't exist. ✖ Column `x_midpoint` doesn't exist. --- failed re-building 'PHENTHAUproc.Rmd' SUMMARY: processing the following file failed: 'PHENTHAUproc.Rmd' Error: Vignette re-building failed. Execution halted Flavors: r-release-windows-x86_64, r-oldrel-windows-x86_64