CRAN Package Check Results for Package PELVIS

Last updated on 2020-10-26 03:48:30 CET.

Flavor Version Tinstall Tcheck Ttotal Status Flags
r-devel-linux-x86_64-debian-clang 2.0.2 3.90 40.30 44.20 OK
r-devel-linux-x86_64-debian-gcc 2.0.2 3.17 31.27 34.44 OK
r-devel-linux-x86_64-fedora-clang 2.0.2 63.19 OK
r-devel-linux-x86_64-fedora-gcc 2.0.2 63.78 OK
r-devel-windows-ix86+x86_64 2.0.2 10.00 60.00 70.00 OK
r-patched-linux-x86_64 2.0.2 3.82 38.02 41.84 OK
r-patched-solaris-x86 2.0.2 80.10 OK
r-release-linux-x86_64 2.0.2 3.94 38.20 42.14 OK
r-release-macos-x86_64 2.0.2 OK
r-release-windows-ix86+x86_64 2.0.2 8.00 44.00 52.00 OK
r-oldrel-macos-x86_64 2.0.2 ERROR
r-oldrel-windows-ix86+x86_64 2.0.0 9.00 55.00 64.00 OK

Check Details

Version: 2.0.2
Check: whether package can be installed
Result: ERROR
    Installation failed.
Flavor: r-oldrel-macos-x86_64