CRAN Package Check Results for Package PDQutils

Last updated on 2024-07-22 15:57:29 CEST.

Flavor Version Tinstall Tcheck Ttotal Status Flags
r-devel-linux-x86_64-debian-clang 0.1.6 3.42 63.77 67.19 OK
r-devel-linux-x86_64-debian-gcc 0.1.6 2.41 48.70 51.11 OK
r-devel-linux-x86_64-fedora-clang 0.1.6 86.50 OK
r-devel-linux-x86_64-fedora-gcc 0.1.6 99.09 OK
r-devel-windows-x86_64 0.1.6 4.00 89.00 93.00 OK
r-patched-linux-x86_64 0.1.6 2.14 61.27 63.41 OK
r-release-linux-x86_64 0.1.6 2.58 62.41 64.99 OK
r-release-macos-arm64 0.1.6 33.00 OK
r-release-macos-x86_64 0.1.6 50.00 WARN
r-release-windows-x86_64 0.1.6 5.00 86.00 91.00 OK
r-oldrel-macos-arm64 0.1.6 35.00 OK
r-oldrel-macos-x86_64 0.1.6 53.00 OK
r-oldrel-windows-x86_64 0.1.6 5.00 92.00 97.00 OK

Check Details

Version: 0.1.6
Check: re-building of vignette outputs
Result: WARN Error(s) in re-building vignettes: ... --- re-building ‘PDQutils.Rnw’ using knitr Error: processing vignette 'PDQutils.Rnw' failed with diagnostics: Running 'texi2dvi' on 'PDQutils.tex' failed. LaTeX errors: ! Undefined control sequence. l.722 \hldef {rsnak} \hlkwb{<-} \hlkwa{function}\hldef{(}\hlkwc{n}\hldef{,} \... ? ! Emergency stop. l.722 End of file on the terminal! ! ==> Fatal error occurred, no output PDF file produced! --- failed re-building ‘PDQutils.Rnw’ SUMMARY: processing the following file failed: ‘PDQutils.Rnw’ Error: Vignette re-building failed. Execution halted Flavor: r-release-macos-x86_64