Last updated on 2022-08-18 15:52:24 CEST.
Flavor | Version | Tinstall | Tcheck | Ttotal | Status | Flags |
---|---|---|---|---|---|---|
r-devel-linux-x86_64-debian-clang | 0.1.0 | 7.37 | 65.74 | 73.11 | OK | |
r-devel-linux-x86_64-debian-gcc | 0.1.0 | 5.18 | 49.30 | 54.48 | OK | |
r-devel-linux-x86_64-fedora-clang | 0.1.0 | 96.47 | NOTE | |||
r-devel-linux-x86_64-fedora-gcc | 0.1.0 | 95.85 | NOTE | |||
r-devel-windows-x86_64 | 0.1.0 | 20.00 | 94.00 | 114.00 | OK | |
r-patched-linux-x86_64 | 0.1.0 | 6.46 | 63.28 | 69.74 | OK | |
r-release-linux-x86_64 | 0.1.0 | OK | ||||
r-release-macos-arm64 | 0.1.0 | 32.00 | NOTE | |||
r-release-macos-x86_64 | 0.1.0 | 38.00 | NOTE | |||
r-release-windows-x86_64 | 0.1.0 | 14.00 | 92.00 | 106.00 | OK | |
r-oldrel-macos-arm64 | 0.1.0 | 27.00 | NOTE | |||
r-oldrel-macos-x86_64 | 0.1.0 | 42.00 | NOTE | |||
r-oldrel-windows-ix86+x86_64 | 0.1.0 | 11.00 | 89.00 | 100.00 | OK |
Version: 0.1.0
Check: dependencies in R code
Result: NOTE
Namespace in Imports field not imported from: ‘ncvreg’
All declared Imports should be used.
Flavors: r-devel-linux-x86_64-fedora-clang, r-devel-linux-x86_64-fedora-gcc, r-release-macos-arm64, r-release-macos-x86_64, r-oldrel-macos-arm64, r-oldrel-macos-x86_64