CRAN Package Check Results for Package PCRA

Last updated on 2024-06-22 03:49:38 CEST.

Flavor Version Tinstall Tcheck Ttotal Status Flags
r-devel-linux-x86_64-debian-clang 1.2 15.68 66.09 81.77 NOTE
r-devel-linux-x86_64-debian-gcc 1.2 14.29 49.49 63.78 NOTE
r-devel-linux-x86_64-fedora-clang 1.2 107.36 NOTE
r-devel-linux-x86_64-fedora-gcc 1.2 113.91 NOTE
r-devel-windows-x86_64 1.2 17.00 79.00 96.00 NOTE
r-patched-linux-x86_64 1.2 19.55 62.42 81.97 NOTE
r-release-linux-x86_64 1.2 17.78 62.25 80.03 NOTE
r-release-macos-arm64 1.2 45.00 NOTE
r-release-macos-x86_64 1.2 61.00 NOTE
r-release-windows-x86_64 1.2 19.00 79.00 98.00 NOTE
r-oldrel-macos-arm64 1.2 46.00 OK
r-oldrel-macos-x86_64 1.2 82.00 OK
r-oldrel-windows-x86_64 1.2 22.00 90.00 112.00 OK

Check Details

Version: 1.2
Check: Rd files
Result: NOTE checkRd: (-1) getPCRAData.Rd:28: Lost braces in \itemize; meant \describe ? checkRd: (-1) getPCRAData.Rd:29: Lost braces in \itemize; meant \describe ? Flavors: r-devel-linux-x86_64-debian-clang, r-devel-linux-x86_64-debian-gcc, r-devel-linux-x86_64-fedora-clang, r-devel-linux-x86_64-fedora-gcc, r-devel-windows-x86_64, r-patched-linux-x86_64, r-release-linux-x86_64, r-release-macos-arm64, r-release-macos-x86_64, r-release-windows-x86_64