CRAN Package Check Results for Package PCMBaseCpp

Last updated on 2022-05-17 15:53:24 CEST.

Flavor Version Tinstall Tcheck Ttotal Status Flags
r-devel-linux-x86_64-debian-clang 0.1.9 143.25 449.72 592.97 OK
r-devel-linux-x86_64-debian-gcc 0.1.9 145.11 314.03 459.14 OK
r-devel-linux-x86_64-fedora-clang 0.1.9 716.10 NOTE
r-devel-linux-x86_64-fedora-gcc 0.1.9 789.87 OK
r-devel-windows-x86_64 0.1.9 128.00 485.00 613.00 OK
r-patched-linux-x86_64 0.1.9 158.78 414.56 573.34 OK
r-release-linux-x86_64 0.1.9 150.28 412.65 562.93 OK
r-release-macos-arm64 0.1.9 163.00 NOTE
r-release-macos-x86_64 0.1.9 302.00 NOTE
r-release-windows-x86_64 0.1.9 132.00 464.00 596.00 OK
r-oldrel-macos-arm64 0.1.9 178.00 NOTE
r-oldrel-macos-x86_64 0.1.9 285.00 NOTE
r-oldrel-windows-ix86+x86_64 0.1.9 351.00 713.00 1064.00 NOTE

Check Details

Version: 0.1.9
Check: installed package size
Result: NOTE
     installed size is 24.6Mb
     sub-directories of 1Mb or more:
     libs 23.4Mb
Flavors: r-devel-linux-x86_64-fedora-clang, r-release-macos-arm64, r-release-macos-x86_64, r-oldrel-macos-arm64, r-oldrel-macos-x86_64, r-oldrel-windows-ix86+x86_64