Last updated on 2022-06-30 03:53:30 CEST.
Flavor | Version | Tinstall | Tcheck | Ttotal | Status | Flags |
---|---|---|---|---|---|---|
r-devel-linux-x86_64-debian-clang | 1.0.0 | 8.33 | 110.32 | 118.65 | OK | |
r-devel-linux-x86_64-debian-gcc | 1.0.0 | 6.87 | 84.23 | 91.10 | OK | |
r-devel-linux-x86_64-fedora-clang | 1.0.0 | 149.60 | NOTE | |||
r-devel-linux-x86_64-fedora-gcc | 1.0.0 | 151.98 | NOTE | |||
r-devel-windows-x86_64 | 1.0.0 | 31.00 | 142.00 | 173.00 | OK | |
r-patched-linux-x86_64 | 1.0.0 | 7.77 | 107.57 | 115.34 | OK | |
r-release-linux-x86_64 | 1.0.0 | 5.89 | 108.53 | 114.42 | OK | |
r-release-macos-arm64 | 1.0.0 | 42.00 | NOTE | |||
r-release-macos-x86_64 | 1.0.0 | 62.00 | NOTE | |||
r-release-windows-x86_64 | 1.0.0 | 28.00 | 143.00 | 171.00 | OK | |
r-oldrel-macos-arm64 | 1.0.0 | 45.00 | NOTE | |||
r-oldrel-macos-x86_64 | 1.0.0 | 62.00 | NOTE | |||
r-oldrel-windows-ix86+x86_64 | 1.0.0 | 17.00 | 138.00 | 155.00 | OK |
Version: 1.0.0
Check: dependencies in R code
Result: NOTE
Namespace in Imports field not imported from: ‘survival’
All declared Imports should be used.
Flavors: r-devel-linux-x86_64-fedora-clang, r-devel-linux-x86_64-fedora-gcc, r-release-macos-arm64, r-release-macos-x86_64, r-oldrel-macos-arm64, r-oldrel-macos-x86_64