CRAN Package Check Results for Package PCICt

Last updated on 2022-08-16 15:50:22 CEST.

Flavor Version Tinstall Tcheck Ttotal Status Flags
r-devel-linux-x86_64-debian-clang 0.5-4.1 4.96 28.43 33.39 OK
r-devel-linux-x86_64-debian-gcc 0.5-4.1 3.10 22.71 25.81 OK
r-devel-linux-x86_64-fedora-clang 0.5-4.1 51.22 NOTE
r-devel-linux-x86_64-fedora-gcc 0.5-4.1 50.53 NOTE
r-devel-windows-x86_64 0.5-4.1 14.00 54.00 68.00 OK
r-patched-linux-x86_64 0.5-4.1 4.13 27.63 31.76 OK
r-release-linux-x86_64 0.5-4.1 4.18 28.66 32.84 OK
r-release-macos-arm64 0.5-4.1 18.00 OK
r-release-macos-x86_64 0.5-4.1 27.00 OK
r-release-windows-x86_64 0.5-4.1 10.00 55.00 65.00 OK
r-oldrel-macos-arm64 0.5-4.1 25.00 OK
r-oldrel-macos-x86_64 0.5-4.1 36.00 OK
r-oldrel-windows-ix86+x86_64 0.5-4.1 18.00 65.00 83.00 OK

Additional issues

rchk

Check Details

Version: 0.5-4.1
Check: compiled code
Result: NOTE
    File ‘PCICt/libs/PCICt.so’:
     Found no call to: ‘R_useDynamicSymbols’
    
    It is good practice to register native routines and to disable symbol
    search.
    
    See ‘Writing portable packages’ in the ‘Writing R Extensions’ manual.
Flavors: r-devel-linux-x86_64-fedora-clang, r-devel-linux-x86_64-fedora-gcc