CRAN Package Check Results for Package PCADSC

Last updated on 2020-10-26 03:48:30 CET.

Flavor Version Tinstall Tcheck Ttotal Status Flags
r-devel-linux-x86_64-debian-clang 0.8.0 4.90 49.64 54.54 OK
r-devel-linux-x86_64-debian-gcc 0.8.0 4.03 37.66 41.69 OK
r-devel-linux-x86_64-fedora-clang 0.8.0 76.67 NOTE
r-devel-linux-x86_64-fedora-gcc 0.8.0 74.36 NOTE
r-devel-windows-ix86+x86_64 0.8.0 12.00 69.00 81.00 OK
r-patched-linux-x86_64 0.8.0 4.88 45.54 50.42 OK
r-patched-solaris-x86 0.8.0 93.10 NOTE
r-release-linux-x86_64 0.8.0 5.06 45.18 50.24 OK
r-release-macos-x86_64 0.8.0 NOTE
r-release-windows-ix86+x86_64 0.8.0 11.00 50.00 61.00 OK
r-oldrel-macos-x86_64 0.8.0 NOTE
r-oldrel-windows-ix86+x86_64 0.8.0 11.00 67.00 78.00 OK

Check Details

Version: 0.8.0
Check: dependencies in R code
Result: NOTE
    Namespaces in Imports field not imported from:
     ‘Matrix’ ‘pander’
     All declared Imports should be used.
Flavors: r-devel-linux-x86_64-fedora-clang, r-devel-linux-x86_64-fedora-gcc, r-patched-solaris-x86, r-release-macos-x86_64, r-oldrel-macos-x86_64

Version: 0.8.0
Check: Rd cross-references
Result: NOTE
    Undeclared packages ‘tibble’, ‘data.table’ in Rd xrefs
Flavor: r-devel-linux-x86_64-fedora-clang