CRAN Package Check Results for Package PCA4TS

Last updated on 2022-08-17 03:52:10 CEST.

Flavor Version Tinstall Tcheck Ttotal Status Flags
r-devel-linux-x86_64-debian-clang 0.1 4.37 36.86 41.23 OK
r-devel-linux-x86_64-debian-gcc 0.1 OK
r-devel-linux-x86_64-fedora-clang 0.1 60.45 NOTE
r-devel-linux-x86_64-fedora-gcc 0.1 58.49 NOTE
r-devel-windows-x86_64 0.1 12.00 70.00 82.00 OK
r-patched-linux-x86_64 0.1 3.44 34.37 37.81 OK
r-release-linux-x86_64 0.1 4.03 35.68 39.71 OK
r-release-macos-arm64 0.1 22.00 OK
r-release-macos-x86_64 0.1 31.00 OK
r-release-windows-x86_64 0.1 14.00 74.00 88.00 OK
r-oldrel-macos-arm64 0.1 30.00 OK
r-oldrel-macos-x86_64 0.1 40.00 OK
r-oldrel-windows-ix86+x86_64 0.1 13.00 78.00 91.00 OK

Check Details

Version: 0.1
Check: compiled code
Result: NOTE
    File ‘PCA4TS/libs/PCA4TS.so’:
     Found no calls to: ‘R_registerRoutines’, ‘R_useDynamicSymbols’
    
    It is good practice to register native routines and to disable symbol
    search.
    
    See ‘Writing portable packages’ in the ‘Writing R Extensions’ manual.
Flavors: r-devel-linux-x86_64-fedora-clang, r-devel-linux-x86_64-fedora-gcc