CRAN Package Check Results for Package PBIR

Last updated on 2022-07-01 15:51:25 CEST.

Flavor Version Tinstall Tcheck Ttotal Status Flags
r-devel-linux-x86_64-debian-clang 0.1-0 7.94 79.47 87.41 NOTE
r-devel-linux-x86_64-debian-gcc 0.1-0 6.81 61.46 68.27 NOTE
r-devel-linux-x86_64-fedora-clang 0.1-0 113.52 NOTE
r-devel-linux-x86_64-fedora-gcc 0.1-0 112.48 NOTE
r-devel-windows-x86_64 0.1-0 11.00 114.00 125.00 NOTE
r-patched-linux-x86_64 0.1-0 7.39 76.49 83.88 NOTE
r-release-linux-x86_64 0.1-0 7.15 76.80 83.95 NOTE
r-release-macos-arm64 0.1-0 32.00 NOTE
r-release-macos-x86_64 0.1-0 49.00 NOTE
r-release-windows-x86_64 0.1-0 13.00 115.00 128.00 NOTE
r-oldrel-macos-arm64 0.1-0 38.00 NOTE
r-oldrel-macos-x86_64 0.1-0 64.00 NOTE
r-oldrel-windows-ix86+x86_64 0.1-0 17.00 110.00 127.00 NOTE

Check Details

Version: 0.1-0
Check: LazyData
Result: NOTE
     'LazyData' is specified without a 'data' directory
Flavors: r-devel-linux-x86_64-debian-clang, r-devel-linux-x86_64-debian-gcc, r-devel-linux-x86_64-fedora-clang, r-devel-linux-x86_64-fedora-gcc, r-devel-windows-x86_64, r-patched-linux-x86_64, r-release-linux-x86_64, r-release-macos-arm64, r-release-macos-x86_64, r-release-windows-x86_64, r-oldrel-macos-arm64, r-oldrel-macos-x86_64, r-oldrel-windows-ix86+x86_64