Last updated on 2022-08-13 04:57:54 CEST.
Flavor | Version | Tinstall | Tcheck | Ttotal | Status | Flags |
---|---|---|---|---|---|---|
r-devel-linux-x86_64-debian-clang | 1.4 | 3.73 | 90.47 | 94.20 | OK | |
r-devel-linux-x86_64-debian-gcc | 1.4 | 3.84 | 64.73 | 68.57 | OK | |
r-devel-linux-x86_64-fedora-clang | 1.4 | 119.62 | NOTE | |||
r-devel-linux-x86_64-fedora-gcc | 1.4 | 120.57 | NOTE | |||
r-devel-windows-x86_64 | 1.4 | 19.00 | 115.00 | 134.00 | OK | |
r-patched-linux-x86_64 | 1.4 | 3.34 | 86.10 | 89.44 | OK | |
r-release-linux-x86_64 | 1.4 | 3.82 | 87.57 | 91.39 | OK | |
r-release-macos-arm64 | 1.4 | 35.00 | NOTE | |||
r-release-macos-x86_64 | 1.4 | 42.00 | NOTE | |||
r-release-windows-x86_64 | 1.4 | 15.00 | 119.00 | 134.00 | OK | |
r-oldrel-macos-arm64 | 1.4 | 42.00 | NOTE | |||
r-oldrel-macos-x86_64 | 1.4 | 52.00 | NOTE | |||
r-oldrel-windows-ix86+x86_64 | 1.4 | 9.00 | 115.00 | 124.00 | OK |
Version: 1.4
Check: dependencies in R code
Result: NOTE
Namespace in Imports field not imported from: ‘ade4’
All declared Imports should be used.
Flavors: r-devel-linux-x86_64-fedora-clang, r-devel-linux-x86_64-fedora-gcc, r-release-macos-arm64, r-release-macos-x86_64, r-oldrel-macos-arm64, r-oldrel-macos-x86_64