Last updated on 2022-06-30 03:53:30 CEST.
Flavor | Version | Tinstall | Tcheck | Ttotal | Status | Flags |
---|---|---|---|---|---|---|
r-devel-linux-x86_64-debian-clang | 1.2-1 | 3.37 | 43.81 | 47.18 | OK | |
r-devel-linux-x86_64-debian-gcc | 1.2-1 | 3.17 | 32.58 | 35.75 | OK | |
r-devel-linux-x86_64-fedora-clang | 1.2-1 | 65.89 | OK | |||
r-devel-linux-x86_64-fedora-gcc | 1.2-1 | 65.63 | OK | |||
r-devel-windows-x86_64 | 1.2-1 | 12.00 | 66.00 | 78.00 | OK | |
r-patched-linux-x86_64 | 1.2-1 | 3.64 | 40.96 | 44.60 | OK | |
r-release-linux-x86_64 | 1.2-1 | 3.90 | 41.45 | 45.35 | OK | |
r-release-macos-arm64 | 1.2-1 | 24.00 | NOTE | |||
r-release-macos-x86_64 | 1.2-1 | 29.00 | OK | |||
r-release-windows-x86_64 | 1.2-1 | 8.00 | 64.00 | 72.00 | OK | |
r-oldrel-macos-arm64 | 1.2-1 | 15.00 | OK | |||
r-oldrel-macos-x86_64 | 1.2-1 | 28.00 | OK | |||
r-oldrel-windows-ix86+x86_64 | 1.2-1 | 9.00 | 66.00 | 75.00 | OK |
Version: 1.2-1
Check: package dependencies
Result: NOTE
Package suggested but not available for checking: ‘MKmisc’
Flavor: r-release-macos-arm64
Version: 1.2-1
Check: Rd cross-references
Result: NOTE
Package unavailable to check Rd xrefs: ‘MKmisc’
Flavor: r-release-macos-arm64