Last updated on 2023-03-26 15:52:40 CEST.
Flavor | Version | Tinstall | Tcheck | Ttotal | Status | Flags |
---|---|---|---|---|---|---|
r-devel-linux-x86_64-debian-clang | 0.1.1 | 23.80 | 52.01 | 75.81 | NOTE | |
r-devel-linux-x86_64-debian-gcc | 0.1.1 | 17.95 | 39.04 | 56.99 | NOTE | |
r-devel-linux-x86_64-fedora-gcc | 0.1.1 | 100.08 | NOTE | |||
r-devel-windows-x86_64 | 0.1.1 | 40.00 | 105.00 | 145.00 | NOTE | |
r-patched-linux-x86_64 | 0.1.1 | 22.34 | 49.71 | 72.05 | NOTE | |
r-release-linux-x86_64 | 0.1.1 | 19.08 | 51.73 | 70.81 | NOTE | |
r-release-macos-arm64 | 0.1.1 | 27.00 | NOTE | |||
r-release-macos-x86_64 | 0.1.1 | 39.00 | NOTE | |||
r-release-windows-x86_64 | 0.1.1 | 37.00 | 105.00 | 142.00 | NOTE | |
r-oldrel-macos-arm64 | 0.1.1 | 34.00 | NOTE | |||
r-oldrel-macos-x86_64 | 0.1.1 | 45.00 | NOTE | |||
r-oldrel-windows-ix86+x86_64 | 0.1.1 | 56.00 | 123.00 | 179.00 | NOTE |
Version: 0.1.1
Check: LazyData
Result: NOTE
'LazyData' is specified without a 'data' directory
Flavors: r-devel-linux-x86_64-debian-clang, r-devel-linux-x86_64-debian-gcc, r-devel-linux-x86_64-fedora-gcc, r-devel-windows-x86_64, r-patched-linux-x86_64, r-release-linux-x86_64, r-release-macos-arm64, r-release-macos-x86_64, r-release-windows-x86_64, r-oldrel-macos-arm64, r-oldrel-macos-x86_64, r-oldrel-windows-ix86+x86_64