Last updated on 2023-05-30 16:00:39 CEST.
Flavor | Version | Tinstall | Tcheck | Ttotal | Status | Flags |
---|---|---|---|---|---|---|
r-devel-linux-x86_64-debian-clang | 0.1.14 | 21.75 | 153.72 | 175.47 | OK | |
r-devel-linux-x86_64-debian-gcc | 0.1.14 | 17.02 | 114.75 | 131.77 | OK | |
r-devel-linux-x86_64-fedora-clang | 0.1.14 | 212.90 | OK | |||
r-devel-linux-x86_64-fedora-gcc | 0.1.14 | 220.98 | OK | |||
r-devel-windows-x86_64 | 0.1.14 | 19.00 | 161.00 | 180.00 | OK | |
r-patched-linux-x86_64 | 0.1.14 | 28.69 | 145.15 | 173.84 | OK | |
r-release-linux-x86_64 | 0.1.14 | 13.60 | 144.18 | 157.78 | OK | |
r-release-macos-arm64 | 0.1.14 | 52.00 | OK | |||
r-release-macos-x86_64 | 0.1.12 | 127.00 | WARN | |||
r-release-windows-x86_64 | 0.1.14 | 24.00 | 194.00 | 218.00 | OK | |
r-oldrel-macos-arm64 | 0.1.14 | 48.00 | OK | |||
r-oldrel-macos-x86_64 | 0.1.14 | 69.00 | OK | |||
r-oldrel-windows-x86_64 | 0.1.14 | 25.00 | 154.00 | 179.00 | OK |
Version: 0.1.12
Check: whether package can be installed
Result: WARN
Found the following significant warnings:
Warning: replacing previous import ‘GPArotation::equamax’ by ‘psych::equamax’ when loading ‘OpenRepGrid’
Warning: replacing previous import ‘GPArotation::varimin’ by ‘psych::varimin’ when loading ‘OpenRepGrid’
Flavor: r-release-macos-x86_64