CRAN Package Check Results for Package OmicInt

Last updated on 2022-08-15 03:52:53 CEST.

Flavor Version Tinstall Tcheck Ttotal Status Flags
r-devel-linux-x86_64-debian-clang 1.1.7 12.01 97.39 109.40 OK
r-devel-linux-x86_64-debian-gcc 1.1.7 8.65 72.50 81.15 OK
r-devel-linux-x86_64-fedora-clang 1.1.7 157.38 NOTE
r-devel-linux-x86_64-fedora-gcc 1.1.7 134.59 NOTE
r-devel-windows-x86_64 1.1.7 23.00 131.00 154.00 OK
r-patched-linux-x86_64 1.1.7 10.17 92.11 102.28 OK
r-release-linux-x86_64 1.1.7 10.29 92.49 102.78 OK
r-release-macos-arm64 1.1.7 40.00 NOTE
r-release-macos-x86_64 1.1.7 62.00 NOTE
r-release-windows-x86_64 1.1.7 28.00 120.00 148.00 OK
r-oldrel-macos-arm64 1.1.7 40.00 NOTE
r-oldrel-macos-x86_64 1.1.7 54.00 NOTE
r-oldrel-windows-ix86+x86_64 1.1.7 31.00 131.00 162.00 OK

Check Details

Version: 1.1.7
Check: dependencies in R code
Result: NOTE
    Namespaces in Imports field not imported from:
     ‘knitr’ ‘rmarkdown’
     All declared Imports should be used.
Flavors: r-devel-linux-x86_64-fedora-clang, r-devel-linux-x86_64-fedora-gcc, r-release-macos-arm64, r-release-macos-x86_64, r-oldrel-macos-arm64, r-oldrel-macos-x86_64