CRAN Package Check Results for Package OOS

Last updated on 2024-06-13 03:49:27 CEST.

Flavor Version Tinstall Tcheck Ttotal Status Flags
r-devel-linux-x86_64-debian-clang 1.0.0 4.31 409.72 414.03 NOTE
r-devel-linux-x86_64-debian-gcc 1.0.0 0.39 1.88 2.27 ERROR
r-devel-linux-x86_64-fedora-clang 1.0.0 488.10 NOTE
r-devel-linux-x86_64-fedora-gcc 1.0.0 505.00 NOTE
r-devel-windows-x86_64 1.0.0 5.00 261.00 266.00 NOTE
r-patched-linux-x86_64 1.0.0 2.89 387.72 390.61 NOTE
r-release-linux-x86_64 1.0.0 2.42 389.18 391.60 NOTE
r-release-macos-arm64 1.0.0 124.00 NOTE
r-release-macos-x86_64 1.0.0 190.00 NOTE
r-release-windows-x86_64 1.0.0 4.00 251.00 255.00 NOTE
r-oldrel-macos-arm64 1.0.0 124.00 NOTE
r-oldrel-macos-x86_64 1.0.0 223.00 NOTE
r-oldrel-windows-x86_64 1.0.0 6.00 359.00 365.00 NOTE

Check Details

Version: 1.0.0
Check: LazyData
Result: NOTE 'LazyData' is specified without a 'data' directory Flavors: r-devel-linux-x86_64-debian-clang, r-devel-linux-x86_64-fedora-clang, r-devel-linux-x86_64-fedora-gcc, r-devel-windows-x86_64, r-patched-linux-x86_64, r-release-linux-x86_64, r-release-macos-arm64, r-release-macos-x86_64, r-release-windows-x86_64, r-oldrel-macos-arm64, r-oldrel-macos-x86_64, r-oldrel-windows-x86_64

Version: 1.0.0
Check: package dependencies
Result: ERROR Packages required but not available: 'caret', 'dplyr', 'forecast', 'furrr', 'ggplot2', 'imputeTS', 'lubridate', 'purrr', 'tidyr' Package suggested but not available for checking: ‘testthat’ See section ‘The DESCRIPTION file’ in the ‘Writing R Extensions’ manual. Flavor: r-devel-linux-x86_64-debian-gcc