CRAN Package Check Results for Package OCNet

Last updated on 2020-10-31 03:52:48 CET.

Flavor Version Tinstall Tcheck Ttotal Status Flags
r-devel-linux-x86_64-debian-clang 0.3.2 27.04 208.78 235.82 OK
r-devel-linux-x86_64-debian-gcc 0.3.2 20.88 158.84 179.72 OK
r-devel-linux-x86_64-fedora-clang 0.3.2 292.35 OK
r-devel-linux-x86_64-fedora-gcc 0.3.2 302.87 OK
r-devel-windows-ix86+x86_64 0.3.2 61.00 388.00 449.00 OK
r-patched-linux-x86_64 0.3.2 22.22 193.03 215.25 OK
r-patched-solaris-x86 0.3.2 377.10 OK
r-release-linux-x86_64 0.3.2 26.50 192.99 219.49 OK
r-release-macos-x86_64 0.3.2 OK
r-release-windows-ix86+x86_64 0.3.2 52.00 315.00 367.00 OK
r-oldrel-macos-x86_64 0.3.2 WARN
r-oldrel-windows-ix86+x86_64 0.3.2 57.00 246.00 303.00 OK

Check Details

Version: 0.3.2
Check: whether package can be installed
Result: WARN
    Found the following significant warnings:
     Warning: 'rgl.init' failed, running with 'rgl.useNULL = TRUE'.
Flavor: r-oldrel-macos-x86_64