CRAN Package Check Results for Package Nozzle.R1

Last updated on 2020-10-23 15:48:12 CEST.

Flavor Version Tinstall Tcheck Ttotal Status Flags
r-devel-linux-x86_64-debian-clang 1.1-1 5.44 32.11 37.55 NOTE
r-devel-linux-x86_64-debian-gcc 1.1-1 4.23 24.79 29.02 NOTE
r-devel-linux-x86_64-fedora-clang 1.1-1 52.47 NOTE
r-devel-linux-x86_64-fedora-gcc 1.1-1 46.57 NOTE
r-devel-windows-ix86+x86_64 1.1-1 10.00 44.00 54.00 NOTE
r-patched-linux-x86_64 1.1-1 5.29 30.12 35.41 NOTE
r-patched-solaris-x86 1.1-1 57.10 NOTE
r-release-linux-x86_64 1.1-1 4.77 30.17 34.94 NOTE
r-release-macos-x86_64 1.1-1 NOTE
r-release-windows-ix86+x86_64 1.1-1 7.00 44.00 51.00 NOTE
r-oldrel-macos-x86_64 1.1-1 NOTE
r-oldrel-windows-ix86+x86_64 1.1-1 11.00 51.00 62.00 NOTE

Check Details

Version: 1.1-1
Check: R code for possible problems
Result: NOTE
    .newReportId : <anonymous>: no visible global function definition for
     'runif'
    Undefined global functions or variables:
     runif
    Consider adding
     importFrom("stats", "runif")
    to your NAMESPACE file.
Flavors: r-devel-linux-x86_64-debian-clang, r-devel-linux-x86_64-debian-gcc, r-devel-linux-x86_64-fedora-clang, r-devel-linux-x86_64-fedora-gcc, r-devel-windows-ix86+x86_64, r-patched-linux-x86_64, r-patched-solaris-x86, r-release-linux-x86_64, r-release-macos-x86_64, r-release-windows-ix86+x86_64, r-oldrel-macos-x86_64, r-oldrel-windows-ix86+x86_64