CRAN Package Check Results for Package NormalBetaPrime

Last updated on 2020-09-27 03:46:38 CEST.

Flavor Version Tinstall Tcheck Ttotal Status Flags
r-devel-linux-x86_64-debian-clang 2.2 10.70 98.48 109.18 OK
r-devel-linux-x86_64-debian-gcc 2.2 8.04 72.75 80.79 OK
r-devel-linux-x86_64-fedora-clang 2.2 132.98 NOTE
r-devel-linux-x86_64-fedora-gcc 2.2 128.11 OK
r-devel-windows-ix86+x86_64 2.2 21.00 116.00 137.00 OK
r-patched-linux-x86_64 2.2 9.82 92.48 102.30 OK
r-patched-solaris-x86 2.2 173.10 NOTE
r-release-linux-x86_64 2.2 10.54 92.31 102.85 OK
r-release-macos-x86_64 2.2 NOTE
r-release-windows-ix86+x86_64 2.2 18.00 130.00 148.00 OK
r-oldrel-macos-x86_64 2.2 NOTE
r-oldrel-windows-ix86+x86_64 2.2 18.00 114.00 132.00 OK

Check Details

Version: 2.2
Check: installed package size
Result: NOTE
     installed size is 5.1Mb
     sub-directories of 1Mb or more:
     data 4.8Mb
Flavors: r-devel-linux-x86_64-fedora-clang, r-patched-solaris-x86, r-release-macos-x86_64, r-oldrel-macos-x86_64