CRAN Package Check Results for Package NonNorMvtDist

Last updated on 2024-07-21 03:55:30 CEST.

Flavor Version Tinstall Tcheck Ttotal Status Flags
r-devel-linux-x86_64-debian-clang 1.0.2 5.35 39.97 45.32 NOTE
r-devel-linux-x86_64-debian-gcc 1.0.2 3.89 29.69 33.58 NOTE
r-devel-linux-x86_64-fedora-clang 1.0.2 55.48 NOTE
r-devel-linux-x86_64-fedora-gcc 1.0.2 53.16 NOTE
r-devel-windows-x86_64 1.0.2 5.00 50.00 55.00 NOTE
r-patched-linux-x86_64 1.0.2 6.24 38.09 44.33 NOTE
r-release-linux-x86_64 1.0.2 4.35 38.15 42.50 NOTE
r-release-macos-arm64 1.0.2 18.00 NOTE
r-release-macos-x86_64 1.0.2 28.00 NOTE
r-release-windows-x86_64 1.0.2 4.00 48.00 52.00 NOTE
r-oldrel-macos-arm64 1.0.2 21.00 NOTE
r-oldrel-macos-x86_64 1.0.2 29.00 NOTE
r-oldrel-windows-x86_64 1.0.2 4.00 58.00 62.00 NOTE

Check Details

Version: 1.0.2
Check: LazyData
Result: NOTE 'LazyData' is specified without a 'data' directory Flavors: r-devel-linux-x86_64-debian-clang, r-devel-linux-x86_64-debian-gcc, r-devel-linux-x86_64-fedora-clang, r-devel-linux-x86_64-fedora-gcc, r-devel-windows-x86_64, r-patched-linux-x86_64, r-release-linux-x86_64, r-release-macos-arm64, r-release-macos-x86_64, r-release-windows-x86_64, r-oldrel-macos-arm64, r-oldrel-macos-x86_64, r-oldrel-windows-x86_64

Version: 1.0.2
Check: Rd cross-references
Result: NOTE Found the following Rd file(s) with Rd \link{} targets missing package anchors: MvtF.Rd: hcubature, cubature MvtGlomx.Rd: hcubature, cubature MvtInvBeta.Rd: hcubature, cubature Please provide package anchors for all Rd \link{} targets not in the package itself and the base packages. Flavor: r-devel-windows-x86_64