CRAN Package Check Results for Package NobBS

Last updated on 2023-02-08 04:07:10 CET.

Flavor Version Tinstall Tcheck Ttotal Status Flags
r-devel-linux-x86_64-debian-clang 0.1.0 6.11 48.43 54.54 ERROR
r-devel-linux-x86_64-debian-gcc 0.1.0 4.36 36.60 40.96 ERROR
r-devel-linux-x86_64-fedora-clang 0.1.0 70.86 ERROR
r-devel-linux-x86_64-fedora-gcc 0.1.0 64.80 ERROR
r-devel-windows-x86_64 0.1.0 17.00 74.00 91.00 ERROR
r-patched-linux-x86_64 0.1.0 6.63 45.83 52.46 ERROR
r-release-linux-x86_64 0.1.0 6.26 47.59 53.85 ERROR
r-release-macos-arm64 0.1.0 30.00 OK
r-release-macos-x86_64 0.1.0 37.00 OK
r-release-windows-x86_64 0.1.0 12.00 95.00 107.00 OK
r-oldrel-macos-arm64 0.1.0 25.00 OK
r-oldrel-macos-x86_64 0.1.0 47.00 OK
r-oldrel-windows-ix86+x86_64 0.1.0 14.00 75.00 89.00 ERROR

Check Details

Version: 0.1.0
Check: examples
Result: ERROR
    Running examples in ‘NobBS-Ex.R’ failed
    The error most likely occurred in:
    
    > base::assign(".ptime", proc.time(), pos = "CheckExEnv")
    > ### Name: NobBS
    > ### Title: Produce smooth Bayesian nowcasts of incomplete, time-stamped
    > ### reporting data.
    > ### Aliases: NobBS
    >
    > ### ** Examples
    >
    > # Load the data
    > data(denguedat)
    > # Perform default 'NobBS' assuming Poisson distribution, vague priors, and default specifications.
    > nowcast <- NobBS(denguedat, as.Date("1990-04-09"),units="1 week",onset_date="onset_week",
    + report_date="report_week")
    Computing a nowcast for 1990-04-09
    Warning: `group_by_()` was deprecated in dplyr 0.7.0.
    ℹ Please use `group_by()` instead.
    ℹ See vignette('programming') for more help
    ℹ The deprecated feature was likely used in the NobBS package.
     Please report the issue to the authors.
    Error in `dplyr::select()`:
    ! Problem while evaluating `select_vars(...)`.
    Caused by error:
    ! `select_vars()` was deprecated in dplyr 0.8.4 and is now defunct.
    ℹ Please use `tidyselect::vars_select()` instead.
    Backtrace:
     ▆
     1. ├─NobBS::NobBS(...)
     2. │ ├─base::cbind(...)
     3. │ └─mymod.dat %>% ...
     4. ├─dplyr::select(...)
     5. ├─dplyr:::select.data.frame(...)
     6. │ └─tidyselect::eval_select(expr(c(...)), data = .data, error_call = error_call)
     7. │ └─tidyselect:::eval_select_impl(...)
     8. │ ├─tidyselect:::with_subscript_errors(...)
     9. │ │ └─rlang::try_fetch(...)
     10. │ │ └─base::withCallingHandlers(...)
     11. │ └─tidyselect:::vars_select_eval(...)
     12. │ └─tidyselect:::walk_data_tree(expr, data_mask, context_mask)
     13. │ └─tidyselect:::eval_c(expr, data_mask, context_mask)
     14. │ └─tidyselect:::reduce_sels(node, data_mask, context_mask, init = init)
     15. │ └─tidyselect:::walk_data_tree(new, data_mask, context_mask)
     16. │ └─tidyselect:::eval_context(expr, context_mask, call = error_call)
     17. │ ├─tidyselect:::with_chained_errors(...)
     18. │ │ └─rlang::try_fetch(...)
     19. │ │ ├─base::tryCatch(...)
     20. │ │ │ └─base (local) tryCatchList(expr, classes, parentenv, handlers)
     21. │ │ │ └─base (local) tryCatchOne(expr, names, parentenv, handlers[[1L]])
     22. │ │ │ └─base (local) doTryCatch(return(expr), name, parentenv, handler)
     23. │ │ └─base::withCallingHandlers(...)
     24. │ └─rlang::eval_tidy(as_quosure(expr, env), context_mask)
     25. └─dplyr::select_vars(...)
     26. └─lifecycle::deprecate_stop("0.8.4", "select_vars()", "tidyselect::vars_select()")
     27. └─lifecycle:::deprecate_stop0(msg)
     28. └─rlang::cnd_signal(...)
    Execution halted
Flavors: r-devel-linux-x86_64-debian-clang, r-devel-linux-x86_64-debian-gcc, r-patched-linux-x86_64, r-release-linux-x86_64

Version: 0.1.0
Check: examples
Result: ERROR
    Running examples in ‘NobBS-Ex.R’ failed
    The error most likely occurred in:
    
    > ### Name: NobBS
    > ### Title: Produce smooth Bayesian nowcasts of incomplete, time-stamped
    > ### reporting data.
    > ### Aliases: NobBS
    >
    > ### ** Examples
    >
    > # Load the data
    > data(denguedat)
    > # Perform default 'NobBS' assuming Poisson distribution, vague priors, and default specifications.
    > nowcast <- NobBS(denguedat, as.Date("1990-04-09"),units="1 week",onset_date="onset_week",
    + report_date="report_week")
    Computing a nowcast for 1990-04-09
    Warning: `group_by_()` was deprecated in dplyr 0.7.0.
    ℹ Please use `group_by()` instead.
    ℹ See vignette('programming') for more help
    ℹ The deprecated feature was likely used in the NobBS package.
     Please report the issue to the authors.
    Error in `dplyr::select()`:
    ! Problem while evaluating `select_vars(...)`.
    Caused by error:
    ! `select_vars()` was deprecated in dplyr 0.8.4 and is now defunct.
    ℹ Please use `tidyselect::vars_select()` instead.
    Backtrace:
     ▆
     1. ├─NobBS::NobBS(...)
     2. │ ├─base::cbind(...)
     3. │ └─mymod.dat %>% ...
     4. ├─dplyr::select(...)
     5. ├─dplyr:::select.data.frame(...)
     6. │ └─tidyselect::eval_select(expr(c(...)), data = .data, error_call = error_call)
     7. │ └─tidyselect:::eval_select_impl(...)
     8. │ ├─tidyselect:::with_subscript_errors(...)
     9. │ │ └─rlang::try_fetch(...)
     10. │ │ └─base::withCallingHandlers(...)
     11. │ └─tidyselect:::vars_select_eval(...)
     12. │ └─tidyselect:::walk_data_tree(expr, data_mask, context_mask)
     13. │ └─tidyselect:::eval_c(expr, data_mask, context_mask)
     14. │ └─tidyselect:::reduce_sels(node, data_mask, context_mask, init = init)
     15. │ └─tidyselect:::walk_data_tree(new, data_mask, context_mask)
     16. │ └─tidyselect:::eval_context(expr, context_mask, call = error_call)
     17. │ ├─tidyselect:::with_chained_errors(...)
     18. │ │ └─rlang::try_fetch(...)
     19. │ │ ├─base::tryCatch(...)
     20. │ │ │ └─base (local) tryCatchList(expr, classes, parentenv, handlers)
     21. │ │ │ └─base (local) tryCatchOne(expr, names, parentenv, handlers[[1L]])
     22. │ │ │ └─base (local) doTryCatch(return(expr), name, parentenv, handler)
     23. │ │ └─base::withCallingHandlers(...)
     24. │ └─rlang::eval_tidy(as_quosure(expr, env), context_mask)
     25. └─dplyr::select_vars(...)
     26. └─lifecycle::deprecate_stop("0.8.4", "select_vars()", "tidyselect::vars_select()")
     27. └─lifecycle:::deprecate_stop0(msg)
     28. └─rlang::cnd_signal(...)
    Execution halted
Flavors: r-devel-linux-x86_64-fedora-clang, r-devel-linux-x86_64-fedora-gcc, r-devel-windows-x86_64

Version: 0.1.0
Check: examples
Result: ERROR
    Running examples in 'NobBS-Ex.R' failed
    The error most likely occurred in:
    
    > ### Name: NobBS
    > ### Title: Produce smooth Bayesian nowcasts of incomplete, time-stamped
    > ### reporting data.
    > ### Aliases: NobBS
    >
    > ### ** Examples
    >
    > # Load the data
    > data(denguedat)
    > # Perform default 'NobBS' assuming Poisson distribution, vague priors, and default specifications.
    > nowcast <- NobBS(denguedat, as.Date("1990-04-09"),units="1 week",onset_date="onset_week",
    + report_date="report_week")
    Computing a nowcast for 1990-04-09
    Warning: `group_by_()` was deprecated in dplyr 0.7.0.
    i Please use `group_by()` instead.
    i See vignette('programming') for more help
    i The deprecated feature was likely used in the NobBS package.
     Please report the issue to the authors.
    Error in `dplyr::select()`:
    ! Problem while evaluating `select_vars(...)`.
    Caused by error:
    ! `select_vars()` was deprecated in dplyr 0.8.4 and is now defunct.
    i Please use `tidyselect::vars_select()` instead.
    Backtrace:
     x
     1. +-NobBS::NobBS(...)
     2. | +-base::cbind(...)
     3. | \-mymod.dat %>% ...
     4. +-dplyr::select(...)
     5. +-dplyr:::select.data.frame(...)
     6. | \-tidyselect::eval_select(expr(c(...)), data = .data, error_call = error_call)
     7. | \-tidyselect:::eval_select_impl(...)
     8. | +-tidyselect:::with_subscript_errors(...)
     9. | | \-rlang::try_fetch(...)
     10. | | \-base::withCallingHandlers(...)
     11. | \-tidyselect:::vars_select_eval(...)
     12. | \-tidyselect:::walk_data_tree(expr, data_mask, context_mask)
     13. | \-tidyselect:::eval_c(expr, data_mask, context_mask)
     14. | \-tidyselect:::reduce_sels(node, data_mask, context_mask, init = init)
     15. | \-tidyselect:::walk_data_tree(new, data_mask, context_mask)
     16. | \-tidyselect:::eval_context(expr, context_mask, call = error_call)
     17. | +-tidyselect:::with_chained_errors(...)
     18. | | \-rlang::try_fetch(...)
     19. | | +-base::tryCatch(...)
     20. | | | \-base (local) tryCatchList(expr, classes, parentenv, handlers)
     21. | | | \-base (local) tryCatchOne(expr, names, parentenv, handlers[[1L]])
     22. | | | \-base (local) doTryCatch(return(expr), name, parentenv, handler)
     23. | | \-base::withCallingHandlers(...)
     24. | \-rlang::eval_tidy(as_quosure(expr, env), context_mask)
     25. \-dplyr::select_vars(...)
     26. \-lifecycle::deprecate_stop("0.8.4", "select_vars()", "tidyselect::vars_select()")
     27. \-lifecycle:::deprecate_stop0(msg)
     28. \-rlang::cnd_signal(...)
    Execution halted
Flavor: r-oldrel-windows-ix86+x86_64