CRAN Package Check Results for Package NlcOptim

Last updated on 2022-08-13 04:57:53 CEST.

Flavor Version Tinstall Tcheck Ttotal Status Flags
r-devel-linux-x86_64-debian-clang 0.6 4.52 28.88 33.40 NOTE
r-devel-linux-x86_64-debian-gcc 0.6 3.22 22.55 25.77 NOTE
r-devel-linux-x86_64-fedora-clang 0.6 49.52 NOTE
r-devel-linux-x86_64-fedora-gcc 0.6 51.94 NOTE
r-devel-windows-x86_64 0.6 10.00 50.00 60.00 NOTE
r-patched-linux-x86_64 0.6 4.36 27.75 32.11 NOTE
r-release-linux-x86_64 0.6 4.17 27.96 32.13 NOTE
r-release-macos-arm64 0.6 16.00 NOTE
r-release-macos-x86_64 0.6 23.00 NOTE
r-release-windows-x86_64 0.6 11.00 51.00 62.00 NOTE
r-oldrel-macos-arm64 0.6 22.00 NOTE
r-oldrel-macos-x86_64 0.6 30.00 NOTE
r-oldrel-windows-ix86+x86_64 0.6 9.00 47.00 56.00 NOTE

Check Details

Version: 0.6
Check: LazyData
Result: NOTE
     'LazyData' is specified without a 'data' directory
Flavors: r-devel-linux-x86_64-debian-clang, r-devel-linux-x86_64-debian-gcc, r-devel-linux-x86_64-fedora-clang, r-devel-linux-x86_64-fedora-gcc, r-devel-windows-x86_64, r-patched-linux-x86_64, r-release-linux-x86_64, r-release-macos-arm64, r-release-macos-x86_64, r-release-windows-x86_64, r-oldrel-macos-arm64, r-oldrel-macos-x86_64, r-oldrel-windows-ix86+x86_64