CRAN Package Check Results for Package NipponMap

Last updated on 2022-08-16 04:53:44 CEST.

Flavor Version Tinstall Tcheck Ttotal Status Flags
r-devel-linux-x86_64-debian-clang 0.2 6.53 62.10 68.63 NOTE
r-devel-linux-x86_64-debian-gcc 0.2 5.35 46.11 51.46 NOTE
r-devel-linux-x86_64-fedora-clang 0.2 89.14 NOTE
r-devel-linux-x86_64-fedora-gcc 0.2 91.70 NOTE
r-devel-windows-x86_64 0.2 16.00 85.00 101.00 NOTE
r-patched-linux-x86_64 0.2 6.15 57.62 63.77 NOTE
r-release-linux-x86_64 0.2 6.21 57.58 63.79 NOTE
r-release-macos-arm64 0.2 22.00 NOTE
r-release-macos-x86_64 0.2 35.00 NOTE
r-release-windows-x86_64 0.2 13.00 85.00 98.00 NOTE
r-oldrel-macos-arm64 0.2 34.00 NOTE
r-oldrel-macos-x86_64 0.2 42.00 NOTE
r-oldrel-windows-ix86+x86_64 0.2 16.00 77.00 93.00 OK

Check Details

Version: 0.2
Check: package dependencies
Result: NOTE
    Package which this enhances but not available for checking: 'jpndistrict'
Flavors: r-devel-linux-x86_64-debian-clang, r-devel-linux-x86_64-debian-gcc, r-devel-linux-x86_64-fedora-clang, r-devel-linux-x86_64-fedora-gcc, r-devel-windows-x86_64, r-patched-linux-x86_64, r-release-linux-x86_64, r-release-macos-arm64, r-release-macos-x86_64, r-release-windows-x86_64, r-oldrel-macos-arm64, r-oldrel-macos-x86_64

Version: 0.2
Check: Rd cross-references
Result: NOTE
    Undeclared packages ‘cshapes’, ‘mapdata’ in Rd xrefs
Flavor: r-devel-linux-x86_64-fedora-clang